{"id":67,"date":"2024-02-08T14:35:56","date_gmt":"2024-02-08T13:35:56","guid":{"rendered":"https:\/\/dara.aragon.es\/dara\/archivosfotograficos\/?page_id=67"},"modified":"2025-10-25T09:33:37","modified_gmt":"2025-10-25T07:33:37","slug":"buscador-geografico","status":"publish","type":"page","link":"https:\/\/dara.aragon.es\/dara\/archivosfotograficos\/buscador-geografico\/","title":{"rendered":"Mapa y buscador geogr\u00e1fico"},"content":{"rendered":"<p>[et_pb_section fb_built=\u00bb1&#8243; _builder_version=\u00bb4.27.4&#8243; _module_preset=\u00bbdefault\u00bb custom_margin=\u00bb0px||||false|false\u00bb custom_padding=\u00bb0px||||false|false\u00bb global_colors_info=\u00bb{}\u00bb theme_builder_area=\u00bbpost_content\u00bb][et_pb_row _builder_version=\u00bb4.20.2&#8243; _module_preset=\u00bbdefault\u00bb global_colors_info=\u00bb{}\u00bb theme_builder_area=\u00bbpost_content\u00bb][et_pb_column type=\u00bb4_4&#8243; _builder_version=\u00bb4.20.2&#8243; _module_preset=\u00bbdefault\u00bb global_colors_info=\u00bb{}\u00bb theme_builder_area=\u00bbpost_content\u00bb][et_pb_text _builder_version=\u00bb4.20.2&#8243; _module_preset=\u00bbdefault\u00bb text_font=\u00bb||||||||\u00bb text_text_color=\u00bb#242424&#8243; text_font_size=\u00bb15px\u00bb header_text_color=\u00bb#0C71C3&#8243; header_font_size=\u00bb42px\u00bb header_line_height=\u00bb1.7em\u00bb text_orientation=\u00bbjustified\u00bb global_colors_info=\u00bb{}\u00bb theme_builder_area=\u00bbpost_content\u00bb]<\/p>\n<h1 style=\"text-align: center;\">FOTOGRAF\u00cdAS EN ARCHIVOS ARAGONESES<\/h1>\n<p style=\"text-align: justify;\">En este mapa se puede encontrar la localizaci\u00f3n de los archivos y fondos fotogr\u00e1ficos con inter\u00e9s hist\u00f3rico, cultural y social del Patrimonio documenal aragon\u00e9s. En este mapa, puedes ver la ubicaci\u00f3n del archivo y fondo fotogr\u00e1fico. Al hacer clic en el icono de lugar podr\u00e1s obtener informaci\u00f3n del centro y con los iconos de la fotograf\u00edas por acceder a los fondos y\/o colecciones fotogr\u00e1ficas que hay en el buscador de DARA.<\/p>\n<p>[\/et_pb_text][\/et_pb_column][\/et_pb_row][et_pb_row _builder_version=\u00bb4.27.4&#8243; _module_preset=\u00bbdefault\u00bb width=\u00bb100%\u00bb max_width=\u00bb100%\u00bb module_alignment=\u00bbcenter\u00bb custom_margin=\u00bb|342px||auto|false|false\u00bb hover_enabled=\u00bb0&#8243; border_color_all=\u00bb#B3B3B3&#8243; saved_tabs=\u00bball\u00bb global_colors_info=\u00bb{}\u00bb theme_builder_area=\u00bbpost_content\u00bb sticky_enabled=\u00bb0&#8243;][et_pb_column type=\u00bb4_4&#8243; _builder_version=\u00bb4.27.2&#8243; _module_preset=\u00bbdefault\u00bb global_colors_info=\u00bb{}\u00bb theme_builder_area=\u00bbpost_content\u00bb][et_pb_code _builder_version=\u00bb4.27.4&#8243; _module_preset=\u00bbdefault\u00bb text_orientation=\u00bbcenter\u00bb module_alignment=\u00bbcenter\u00bb custom_margin=\u00bb|18px|||false|false\u00bb custom_padding=\u00bb12px|4px|9px||false|false\u00bb link_option_url_new_window=\u00bbon\u00bb global_colors_info=\u00bb{}\u00bb theme_builder_area=\u00bbpost_content\u00bb]<iframe loading=\"lazy\" src=\"https:\/\/www.google.com\/maps\/d\/u\/0\/embed?mid=1144fwWlwkvZLy7KVEKNjqEyEUrumvX8&#038;ehbc=2E312F\" width=\"80%\" height=\"750\"><\/iframe>[\/et_pb_code][\/et_pb_column][\/et_pb_row][et_pb_row _builder_version=\u00bb4.20.2&#8243; _module_preset=\u00bbdefault\u00bb global_colors_info=\u00bb{}\u00bb theme_builder_area=\u00bbpost_content\u00bb][et_pb_column type=\u00bb4_4&#8243; _builder_version=\u00bb4.20.2&#8243; _module_preset=\u00bbdefault\u00bb global_colors_info=\u00bb{}\u00bb theme_builder_area=\u00bbpost_content\u00bb][et_pb_divider show_divider=\u00bboff\u00bb _builder_version=\u00bb4.20.2&#8243; _module_preset=\u00bbdefault\u00bb global_colors_info=\u00bb{}\u00bb theme_builder_area=\u00bbpost_content\u00bb][\/et_pb_divider][\/et_pb_column][\/et_pb_row][\/et_pb_section]<\/p>\n","protected":false},"excerpt":{"rendered":"<p>FOTOGRAF\u00cdAS EN ARCHIVOS ARAGONESES En este mapa se puede encontrar la localizaci\u00f3n de los archivos y fondos fotogr\u00e1ficos con inter\u00e9s hist\u00f3rico, cultural y social del Patrimonio documenal aragon\u00e9s. En este mapa, puedes ver la ubicaci\u00f3n del archivo y fondo fotogr\u00e1fico. Al hacer clic en el icono de lugar podr\u00e1s obtener informaci\u00f3n del centro y con [&hellip;]<\/p>\n","protected":false},"author":1,"featured_media":0,"parent":0,"menu_order":0,"comment_status":"closed","ping_status":"closed","template":"","meta":{"_et_pb_use_builder":"on","_et_pb_old_content":"","_et_gb_content_width":"","footnotes":""},"class_list":["post-67","page","type-page","status-publish","hentry"],"yoast_head":"<!-- This site is optimized with the Yoast SEO plugin v27.5 - https:\/\/yoast.com\/product\/yoast-seo-wordpress\/ -->\n<title>Mapa y buscador geogr\u00e1fico - ARCHIVOS FOTOGR\u00c1FICOS<\/title>\n<meta name=\"robots\" content=\"index, follow, max-snippet:-1, max-image-preview:large, max-video-preview:-1\" \/>\n<link rel=\"canonical\" href=\"https:\/\/dara.aragon.es\/dara\/archivosfotograficos\/buscador-geografico\/\" \/>\n<meta property=\"og:locale\" content=\"es_ES\" \/>\n<meta property=\"og:type\" content=\"article\" \/>\n<meta property=\"og:title\" content=\"Mapa y buscador geogr\u00e1fico - ARCHIVOS FOTOGR\u00c1FICOS\" \/>\n<meta property=\"og:description\" content=\"FOTOGRAF\u00cdAS EN ARCHIVOS ARAGONESES En este mapa se puede encontrar la localizaci\u00f3n de los archivos y fondos fotogr\u00e1ficos con inter\u00e9s hist\u00f3rico, cultural y social del Patrimonio documenal aragon\u00e9s. En este mapa, puedes ver la ubicaci\u00f3n del archivo y fondo fotogr\u00e1fico. Al hacer clic en el icono de lugar podr\u00e1s obtener informaci\u00f3n del centro y con [&hellip;]\" \/>\n<meta property=\"og:url\" content=\"https:\/\/dara.aragon.es\/dara\/archivosfotograficos\/buscador-geografico\/\" \/>\n<meta property=\"og:site_name\" content=\"ARCHIVOS FOTOGR\u00c1FICOS\" \/>\n<meta property=\"article:modified_time\" content=\"2025-10-25T07:33:37+00:00\" \/>\n<meta name=\"twitter:card\" content=\"summary_large_image\" \/>\n<meta name=\"twitter:label1\" content=\"Tiempo de lectura\" \/>\n\t<meta name=\"twitter:data1\" content=\"2 minutos\" \/>\n<script type=\"application\/ld+json\" class=\"yoast-schema-graph\">{\"@context\":\"https:\\\/\\\/schema.org\",\"@graph\":[{\"@type\":\"WebPage\",\"@id\":\"https:\\\/\\\/dara.aragon.es\\\/dara\\\/archivosfotograficos\\\/buscador-geografico\\\/\",\"url\":\"https:\\\/\\\/dara.aragon.es\\\/dara\\\/archivosfotograficos\\\/buscador-geografico\\\/\",\"name\":\"Mapa y buscador geogr\u00e1fico - ARCHIVOS FOTOGR\u00c1FICOS\",\"isPartOf\":{\"@id\":\"https:\\\/\\\/dara.aragon.es\\\/dara\\\/archivosfotograficos\\\/#website\"},\"datePublished\":\"2024-02-08T13:35:56+00:00\",\"dateModified\":\"2025-10-25T07:33:37+00:00\",\"breadcrumb\":{\"@id\":\"https:\\\/\\\/dara.aragon.es\\\/dara\\\/archivosfotograficos\\\/buscador-geografico\\\/#breadcrumb\"},\"inLanguage\":\"es\",\"potentialAction\":[{\"@type\":\"ReadAction\",\"target\":[\"https:\\\/\\\/dara.aragon.es\\\/dara\\\/archivosfotograficos\\\/buscador-geografico\\\/\"]}]},{\"@type\":\"BreadcrumbList\",\"@id\":\"https:\\\/\\\/dara.aragon.es\\\/dara\\\/archivosfotograficos\\\/buscador-geografico\\\/#breadcrumb\",\"itemListElement\":[{\"@type\":\"ListItem\",\"position\":1,\"name\":\"Fotodara\",\"item\":\"https:\\\/\\\/dara.aragon.es\\\/dara\\\/archivosfotograficos\\\/\"},{\"@type\":\"ListItem\",\"position\":2,\"name\":\"Mapa y buscador geogr\u00e1fico\"}]},{\"@type\":\"WebSite\",\"@id\":\"https:\\\/\\\/dara.aragon.es\\\/dara\\\/archivosfotograficos\\\/#website\",\"url\":\"https:\\\/\\\/dara.aragon.es\\\/dara\\\/archivosfotograficos\\\/\",\"name\":\"ARCHIVOS FOTOGR\u00c1FICOS\",\"description\":\"Otro sitio m\u00e1s de PORTALES DARA\",\"potentialAction\":[{\"@type\":\"SearchAction\",\"target\":{\"@type\":\"EntryPoint\",\"urlTemplate\":\"https:\\\/\\\/dara.aragon.es\\\/dara\\\/archivosfotograficos\\\/?s={search_term_string}\"},\"query-input\":{\"@type\":\"PropertyValueSpecification\",\"valueRequired\":true,\"valueName\":\"search_term_string\"}}],\"inLanguage\":\"es\"}]}<\/script>\n<!-- \/ Yoast SEO plugin. -->","yoast_head_json":{"title":"Mapa y buscador geogr\u00e1fico - ARCHIVOS FOTOGR\u00c1FICOS","robots":{"index":"index","follow":"follow","max-snippet":"max-snippet:-1","max-image-preview":"max-image-preview:large","max-video-preview":"max-video-preview:-1"},"canonical":"https:\/\/dara.aragon.es\/dara\/archivosfotograficos\/buscador-geografico\/","og_locale":"es_ES","og_type":"article","og_title":"Mapa y buscador geogr\u00e1fico - ARCHIVOS FOTOGR\u00c1FICOS","og_description":"FOTOGRAF\u00cdAS EN ARCHIVOS ARAGONESES En este mapa se puede encontrar la localizaci\u00f3n de los archivos y fondos fotogr\u00e1ficos con inter\u00e9s hist\u00f3rico, cultural y social del Patrimonio documenal aragon\u00e9s. En este mapa, puedes ver la ubicaci\u00f3n del archivo y fondo fotogr\u00e1fico. Al hacer clic en el icono de lugar podr\u00e1s obtener informaci\u00f3n del centro y con [&hellip;]","og_url":"https:\/\/dara.aragon.es\/dara\/archivosfotograficos\/buscador-geografico\/","og_site_name":"ARCHIVOS FOTOGR\u00c1FICOS","article_modified_time":"2025-10-25T07:33:37+00:00","twitter_card":"summary_large_image","twitter_misc":{"Tiempo de lectura":"2 minutos"},"schema":{"@context":"https:\/\/schema.org","@graph":[{"@type":"WebPage","@id":"https:\/\/dara.aragon.es\/dara\/archivosfotograficos\/buscador-geografico\/","url":"https:\/\/dara.aragon.es\/dara\/archivosfotograficos\/buscador-geografico\/","name":"Mapa y buscador geogr\u00e1fico - ARCHIVOS FOTOGR\u00c1FICOS","isPartOf":{"@id":"https:\/\/dara.aragon.es\/dara\/archivosfotograficos\/#website"},"datePublished":"2024-02-08T13:35:56+00:00","dateModified":"2025-10-25T07:33:37+00:00","breadcrumb":{"@id":"https:\/\/dara.aragon.es\/dara\/archivosfotograficos\/buscador-geografico\/#breadcrumb"},"inLanguage":"es","potentialAction":[{"@type":"ReadAction","target":["https:\/\/dara.aragon.es\/dara\/archivosfotograficos\/buscador-geografico\/"]}]},{"@type":"BreadcrumbList","@id":"https:\/\/dara.aragon.es\/dara\/archivosfotograficos\/buscador-geografico\/#breadcrumb","itemListElement":[{"@type":"ListItem","position":1,"name":"Fotodara","item":"https:\/\/dara.aragon.es\/dara\/archivosfotograficos\/"},{"@type":"ListItem","position":2,"name":"Mapa y buscador geogr\u00e1fico"}]},{"@type":"WebSite","@id":"https:\/\/dara.aragon.es\/dara\/archivosfotograficos\/#website","url":"https:\/\/dara.aragon.es\/dara\/archivosfotograficos\/","name":"ARCHIVOS FOTOGR\u00c1FICOS","description":"Otro sitio m\u00e1s de PORTALES DARA","potentialAction":[{"@type":"SearchAction","target":{"@type":"EntryPoint","urlTemplate":"https:\/\/dara.aragon.es\/dara\/archivosfotograficos\/?s={search_term_string}"},"query-input":{"@type":"PropertyValueSpecification","valueRequired":true,"valueName":"search_term_string"}}],"inLanguage":"es"}]}},"_links":{"self":[{"href":"https:\/\/dara.aragon.es\/dara\/archivosfotograficos\/wp-json\/wp\/v2\/pages\/67","targetHints":{"allow":["GET"]}}],"collection":[{"href":"https:\/\/dara.aragon.es\/dara\/archivosfotograficos\/wp-json\/wp\/v2\/pages"}],"about":[{"href":"https:\/\/dara.aragon.es\/dara\/archivosfotograficos\/wp-json\/wp\/v2\/types\/page"}],"author":[{"embeddable":true,"href":"https:\/\/dara.aragon.es\/dara\/archivosfotograficos\/wp-json\/wp\/v2\/users\/1"}],"replies":[{"embeddable":true,"href":"https:\/\/dara.aragon.es\/dara\/archivosfotograficos\/wp-json\/wp\/v2\/comments?post=67"}],"version-history":[{"count":16,"href":"https:\/\/dara.aragon.es\/dara\/archivosfotograficos\/wp-json\/wp\/v2\/pages\/67\/revisions"}],"predecessor-version":[{"id":5361,"href":"https:\/\/dara.aragon.es\/dara\/archivosfotograficos\/wp-json\/wp\/v2\/pages\/67\/revisions\/5361"}],"wp:attachment":[{"href":"https:\/\/dara.aragon.es\/dara\/archivosfotograficos\/wp-json\/wp\/v2\/media?parent=67"}],"curies":[{"name":"wp","href":"https:\/\/api.w.org\/{rel}","templated":true}]}}

Mapa y buscador geográfico

<p>[et_pb_section fb_built=»1&#8243; _builder_version=»4.27.4&#8243; _module_preset=»default» custom_margin=»0px||||false|false» custom_padding=»0px||||false|false» global_colors_info=»{}» theme_builder_area=»post_content»][et_pb_row _builder_version=»4.20.2&#8243; _module_preset=»default» global_colors_info=»{}» theme_builder_area=»post_content»][et_pb_column type=»4_4&#8243; _builder_version=»4.20.2&#8243; _module_preset=»default» global_colors_info=»{}» theme_builder_area=»post_content»][et_pb_text _builder_version=»4.20.2&#8243; _module_preset=»default» text_font=»||||||||» text_text_color=»#242424&#8243; text_font_size=»15px» header_text_color=»#0C71C3&#8243; header_font_size=»42px» header_line_height=»1.7em» text_orientation=»justified» global_colors_info=»{}» theme_builder_area=»post_content»]</p>
<h1 style="text-align: center;">FOTOGRAFÍAS EN ARCHIVOS ARAGONESES</h1>
<p style="text-align: justify;">En este mapa se puede encontrar la localización de los archivos y fondos fotográficos con interés histórico, cultural y social del Patrimonio documenal aragonés. En este mapa, puedes ver la ubicación del archivo y fondo fotográfico. Al hacer clic en el icono de lugar podrás obtener información del centro y con los iconos de la fotografías por acceder a los fondos y/o colecciones fotográficas que hay en el buscador de DARA.</p>
<p>[/et_pb_text][/et_pb_column][/et_pb_row][et_pb_row _builder_version=»4.27.4&#8243; _module_preset=»default» width=»100%» max_width=»100%» module_alignment=»center» custom_margin=»|342px||auto|false|false» hover_enabled=»0&#8243; border_color_all=»#B3B3B3&#8243; saved_tabs=»all» global_colors_info=»{}» theme_builder_area=»post_content» sticky_enabled=»0&#8243;][et_pb_column type=»4_4&#8243; _builder_version=»4.27.2&#8243; _module_preset=»default» global_colors_info=»{}» theme_builder_area=»post_content»][et_pb_code _builder_version=»4.27.4&#8243; _module_preset=»default» text_orientation=»center» module_alignment=»center» custom_margin=»|18px|||false|false» custom_padding=»12px|4px|9px||false|false» link_option_url_new_window=»on» global_colors_info=»{}» theme_builder_area=»post_content»]<iframe loading="lazy" src="https://www.google.com/maps/d/u/0/embed?mid=1144fwWlwkvZLy7KVEKNjqEyEUrumvX8&#038;ehbc=2E312F" width="80%" height="750"></iframe>[/et_pb_code][/et_pb_column][/et_pb_row][et_pb_row _builder_version=»4.20.2&#8243; _module_preset=»default» global_colors_info=»{}» theme_builder_area=»post_content»][et_pb_column type=»4_4&#8243; _builder_version=»4.20.2&#8243; _module_preset=»default» global_colors_info=»{}» theme_builder_area=»post_content»][et_pb_divider show_divider=»off» _builder_version=»4.20.2&#8243; _module_preset=»default» global_colors_info=»{}» theme_builder_area=»post_content»][/et_pb_divider][/et_pb_column][/et_pb_row][/et_pb_section]</p>

<p>FOTOGRAFÍAS EN ARCHIVOS ARAGONESES En este mapa se puede encontrar la localización de los archivos y fondos fotográficos con interés histórico, cultural y social del Patrimonio documenal aragonés. En este mapa, puedes ver la ubicación del archivo y fondo fotográfico. Al hacer clic en el icono de lugar podrás obtener información del centro y con [&hellip;]</p>

<!-- This site is optimized with the Yoast SEO plugin v27.5 - https://yoast.com/product/yoast-seo-wordpress/ -->
<title>Mapa y buscador geográfico - ARCHIVOS FOTOGRÁFICOS</title>
<meta name="robots" content="index, follow, max-snippet:-1, max-image-preview:large, max-video-preview:-1" />
<link rel="canonical" href="https://dara.aragon.es/dara/archivosfotograficos/buscador-geografico/" />
<meta property="og:locale" content="es_ES" />
<meta property="og:type" content="article" />
<meta property="og:title" content="Mapa y buscador geográfico - ARCHIVOS FOTOGRÁFICOS" />
<meta property="og:description" content="FOTOGRAFÍAS EN ARCHIVOS ARAGONESES En este mapa se puede encontrar la localización de los archivos y fondos fotográficos con interés histórico, cultural y social del Patrimonio documenal aragonés. En este mapa, puedes ver la ubicación del archivo y fondo fotográfico. Al hacer clic en el icono de lugar podrás obtener información del centro y con [&hellip;]" />
<meta property="og:url" content="https://dara.aragon.es/dara/archivosfotograficos/buscador-geografico/" />
<meta property="og:site_name" content="ARCHIVOS FOTOGRÁFICOS" />
<meta property="article:modified_time" content="2025-10-25T07:33:37+00:00" />
<meta name="twitter:card" content="summary_large_image" />
<meta name="twitter:label1" content="Tiempo de lectura" />
	<meta name="twitter:data1" content="2 minutos" />
<script type="application/ld+json" class="yoast-schema-graph">{"@context":"https:\/\/schema.org","@graph":[{"@type":"WebPage","@id":"https:\/\/dara.aragon.es\/dara\/archivosfotograficos\/buscador-geografico\/","url":"https:\/\/dara.aragon.es\/dara\/archivosfotograficos\/buscador-geografico\/","name":"Mapa y buscador geográfico - ARCHIVOS FOTOGRÁFICOS","isPartOf":{"@id":"https:\/\/dara.aragon.es\/dara\/archivosfotograficos\/#website"},"datePublished":"2024-02-08T13:35:56+00:00","dateModified":"2025-10-25T07:33:37+00:00","breadcrumb":{"@id":"https:\/\/dara.aragon.es\/dara\/archivosfotograficos\/buscador-geografico\/#breadcrumb"},"inLanguage":"es","potentialAction":[{"@type":"ReadAction","target":["https:\/\/dara.aragon.es\/dara\/archivosfotograficos\/buscador-geografico\/"]}]},{"@type":"BreadcrumbList","@id":"https:\/\/dara.aragon.es\/dara\/archivosfotograficos\/buscador-geografico\/#breadcrumb","itemListElement":[{"@type":"ListItem","position":1,"name":"Fotodara","item":"https:\/\/dara.aragon.es\/dara\/archivosfotograficos\/"},{"@type":"ListItem","position":2,"name":"Mapa y buscador geográfico"}]},{"@type":"WebSite","@id":"https:\/\/dara.aragon.es\/dara\/archivosfotograficos\/#website","url":"https:\/\/dara.aragon.es\/dara\/archivosfotograficos\/","name":"ARCHIVOS FOTOGRÁFICOS","description":"Otro sitio más de PORTALES DARA","potentialAction":[{"@type":"SearchAction","target":{"@type":"EntryPoint","urlTemplate":"https:\/\/dara.aragon.es\/dara\/archivosfotograficos\/?s={search_term_string}"},"query-input":{"@type":"PropertyValueSpecification","valueRequired":true,"valueName":"search_term_string"}}],"inLanguage":"es"}]}</script>
<!-- / Yoast SEO plugin. -->

Mapa y buscador geográfico - ARCHIVOS FOTOGRÁFICOS

FOTOGRAFÍAS EN ARCHIVOS ARAGONESES En este mapa se puede encontrar la localización de los archivos y fondos fotográficos con interés histórico, cultural y social del Patrimonio documenal aragonés. En este mapa, puedes ver la ubicación del archivo y fondo fotográfico. Al hacer clic en el icono de lugar podrás obtener información del centro y con [&hellip;]

ARCHIVOS FOTOGRÁFICOS

Otro sitio más de PORTALES DARA
