{"id":27,"date":"2025-04-18T06:58:40","date_gmt":"2025-04-18T04:58:40","guid":{"rendered":"https:\/\/dara.aragon.es\/dara\/joaquin-costa\/?page_id=27"},"modified":"2025-04-18T08:54:09","modified_gmt":"2025-04-18T06:54:09","slug":"actividad-politica","status":"publish","type":"page","link":"https:\/\/dara.aragon.es\/dara\/joaquin-costa\/actividad-politica\/","title":{"rendered":"Actividad Pol\u00edtica"},"content":{"rendered":"<p>[et_pb_section fb_built=\u00bb1&#8243; fullwidth=\u00bbon\u00bb admin_label=\u00bbHeader Section\u00bb _builder_version=\u00bb4.20.2&#8243; background_color=\u00bb#0D3857&#8243; background_enable_image=\u00bboff\u00bb parallax=\u00bbon\u00bb custom_padding=\u00bb|||\u00bb saved_tabs=\u00bball\u00bb locked=\u00bboff\u00bb global_colors_info=\u00bb{}\u00bb][et_pb_fullwidth_post_title meta=\u00bboff\u00bb featured_image=\u00bboff\u00bb _builder_version=\u00bb4.25.1&#8243; _module_preset=\u00bbdefault\u00bb title_font=\u00bb&#8211;et_global_heading_font|||on|||||\u00bb title_text_align=\u00bbcenter\u00bb title_text_color=\u00bb#FFFFFF\u00bb title_font_size=\u00bb38px\u00bb background_color=\u00bb#0D3857&#8243; custom_padding=\u00bb3%||3%||false|false\u00bb global_colors_info=\u00bb{}\u00bb][\/et_pb_fullwidth_post_title][\/et_pb_section][et_pb_section fb_built=\u00bb1&#8243; admin_label=\u00bbSecci\u00f3n\u00bb _builder_version=\u00bb4.27.0&#8243; _module_preset=\u00bbdefault\u00bb locked=\u00bboff\u00bb global_colors_info=\u00bb%91%93&#8243;][et_pb_row column_structure=\u00bb1_5,3_5,1_5&#8243; _builder_version=\u00bb4.27.0&#8243; _module_preset=\u00bbdefault\u00bb max_width=\u00bb80%\u00bb global_colors_info=\u00bb%91%93&#8243;][et_pb_column type=\u00bb1_5&#8243; _builder_version=\u00bb4.27.0&#8243; _module_preset=\u00bbdefault\u00bb background_enable_image=\u00bboff\u00bb global_colors_info=\u00bb{}\u00bb][et_pb_image src=\u00bbhttps:\/\/dara.aragon.es\/dara\/joaquin-costa\/wp-content\/uploads\/sites\/8\/2025\/04\/costa-actividad-politica.png\u00bb alt=\u00bbJuan Antonio Bolea Foradada\u00bb title_text=\u00bbcosta-actividad pol\u00edtica\u00bb _builder_version=\u00bb4.27.4&#8243; _module_preset=\u00bbdefault\u00bb global_colors_info=\u00bb{}\u00bb][\/et_pb_image][et_pb_button button_url=\u00bbhttps:\/\/dara.aragon.es\/opac\/app\/item\/ahph?vm=nv&#038;al=2&#038;tc=Joaqu%C3%ADn+Costa&#038;p=0&#038;i=235&#8243; url_new_window=\u00bbon\u00bb button_text=\u00bbDescripci\u00f3n del fondo \u00bb _builder_version=\u00bb4.27.4&#8243; _module_preset=\u00bbdefault\u00bb custom_button=\u00bbon\u00bb button_text_size=\u00bb16px\u00bb button_border_width=\u00bb0px\u00bb button_border_radius=\u00bb0px\u00bb button_icon=\u00bb&#xf35d;||fa||900&#8243; button_on_hover=\u00bboff\u00bb custom_margin=\u00bb||0px||false|false\u00bb global_colors_info=\u00bb%91%93&#8243;][\/et_pb_button][et_pb_button button_url=\u00bbhttps:\/\/dara.aragon.es\/opac\/app\/classification\/apjc\u00bb url_new_window=\u00bbon\u00bb button_text=\u00bbCuadro de clasificaci\u00f3n\u00bb _builder_version=\u00bb4.27.4&#8243; _module_preset=\u00bbdefault\u00bb custom_button=\u00bbon\u00bb button_text_size=\u00bb16px\u00bb button_border_width=\u00bb0px\u00bb button_border_radius=\u00bb0px\u00bb button_icon=\u00bb&#xf35d;||fa||900&#8243; button_on_hover=\u00bboff\u00bb custom_margin=\u00bb0px||||false|false\u00bb custom_padding=\u00bb0px||||false|false\u00bb locked=\u00bboff\u00bb global_colors_info=\u00bb%91%93&#8243;][\/et_pb_button][\/et_pb_column][et_pb_column type=\u00bb3_5&#8243; _builder_version=\u00bb4.27.0&#8243; _module_preset=\u00bbdefault\u00bb background_enable_image=\u00bboff\u00bb global_colors_info=\u00bb{}\u00bb][et_pb_text _builder_version=\u00bb4.27.2&#8243; _module_preset=\u00bbdefault\u00bb global_colors_info=\u00bb%91%93&#8243;]<\/p>\n<p style=\"text-align: justify;\">Contiene documentos pol\u00edticos sobre su campa\u00f1a electoral, el periodo de formaci\u00f3n de la C\u00e1mara Agr\u00edcola del Alto Arag\u00f3n y de la Uni\u00f3n Nacional, junto con temas como el regionalismo, la pol\u00edtica hidr\u00e1ulica y reformas administrativas. La fusi\u00f3n de la Liga de Productores y su posterior ruptura. Su Proyecto de Ley Municipal y opiniones sobre la pol\u00edtica en Espa\u00f1a. En los documentos aparecen figuras pol\u00edticas destacadas de aquellos a\u00f1os.<\/p>\n<p>[\/et_pb_text][et_pb_tabs _builder_version=\u00bb4.27.3&#8243; _module_preset=\u00bbdefault\u00bb body_font=\u00bb||||||||\u00bb body_text_align=\u00bbleft\u00bb body_text_color=\u00bb#6B6B6B\u00bb background_color=\u00bb#FFFFFF\u00bb width=\u00bb84.1%\u00bb min_height=\u00bb96px\u00bb custom_margin=\u00bb||||false|false\u00bb custom_padding=\u00bb||||false|false\u00bb global_colors_info=\u00bb{}\u00bb][et_pb_tab title=\u00bbVOLUMEN Y SOPORTE\u00bb _builder_version=\u00bb4.27.3&#8243; _module_preset=\u00bbdefault\u00bb body_font=\u00bb||||||||\u00bb body_text_color=\u00bb#8F8F8F\u00bb tab_font=\u00bb|600|||||||\u00bb tab_font_size=\u00bb13px\u00bb global_colors_info=\u00bb{}\u00bb]<\/p>\n<p>186 documentos<\/p>\n<p>10 dosier con 1770 documentos<\/p>\n<p>&nbsp;<\/p>\n<p>&nbsp;<\/p>\n<p>[\/et_pb_tab][et_pb_tab title=\u00bbALCANCE Y CONTENIDO\u00bb _builder_version=\u00bb4.27.4&#8243; _module_preset=\u00bbdefault\u00bb global_colors_info=\u00bb{}\u00bb]<\/p>\n<p style=\"text-align: justify\">Conjunto de recortes de peri\u00f3dico, reformas, papeles de la C\u00e1mara Agr\u00edcola y la Uni\u00f3n Nacional. Adem\u00e1s de cartas, programa de reformas y art\u00edculos sobre la pol\u00edtica de la \u00e9poca en Espa\u00f1a.<\/p>\n<p>[\/et_pb_tab][et_pb_tab title=\u00bbM\u00c1S INFORMACI\u00d3N\u00bb _builder_version=\u00bb4.27.3&#8243; _module_preset=\u00bbdefault\u00bb global_colors_info=\u00bb{}\u00bb]<\/p>\n<p style=\"text-align: justify\">Parte de los documentos personales ya se inclu\u00eda en el fondo del Archivo Hist\u00f3rico Provincial de Huesca, procede de los fondos de Tom\u00e1s Costa \u00a0desde 1983 y 1984, Federico Balaguer en 2017 y Ana Mar\u00eda Ortega Costa.<\/p>\n<p style=\"text-align: justify\">Recientemente se ha sumado el fondo sobre Joaqu\u00edn Costa que se encontraba en su estudio en la Casa de Graus. Comprado por el Ministerio de Cultura a la familia Auset, de Graus en 2022. Se organiz\u00f3 en el Archivo Hist\u00f3rico Nacional de Madrid y fue trasferido al Archivo Hist\u00f3rico Provincial de Huesca en junio de 2024.<\/p>\n<p>[\/et_pb_tab][\/et_pb_tabs][et_pb_toggle title=\u00bbObras Pol\u00edticas\u00bb _builder_version=\u00bb4.27.4&#8243; _module_preset=\u00bbdefault\u00bb global_colors_info=\u00bb{}\u00bb]<\/p>\n<p>&nbsp;<\/p>\n<table border=\"1\" style=\"border-collapse: collapse; width: 100%; height: 1469px;\">\n<tbody>\n<tr style=\"height: 24px;\">\n<td style=\"width: 50%; text-align: center; height: 15px;\"><img loading=\"lazy\" decoding=\"async\" width=\"190\" height=\"291\" src=\"https:\/\/books.google.es\/books\/content?id=SgjXAAAAMAAJ&amp;hl=es&amp;pg=PR1&amp;img=1&amp;zoom=3&amp;bul=1&amp;sig=ACfU3U2-mk6b8EdS7iZwcUf04iPe9vdZsg&amp;w=1025\" alt=\"\" class=\"size-medium alignnone\" \/><\/td>\n<td style=\"width: 50%; height: 15px;\">\n<h4><\/h4>\n<h4><strong>T\u00edtulo: Introducci\u00f3n a un tratado de pol\u00edtica<\/strong><\/h4>\n<p><strong>Autor: <\/strong>Joaqu\u00edn Costa<\/p>\n<p><span style=\"font-size: 16px;\">Madrid: Imprenta de la revista de legislaci\u00f3n, 1881<\/span><\/p>\n<p><strong>Lengua: <\/strong>Castellano<\/p>\n<p><strong>N\u00famero de p\u00e1ginas: <\/strong>495<\/p>\n<p>&nbsp;<\/p>\n<\/td>\n<\/tr>\n<tr style=\"height: 290px;\">\n<td style=\"width: 50%; text-align: center; height: 290px;\"><img loading=\"lazy\" decoding=\"async\" width=\"197\" height=\"312\" src=\"https:\/\/ifc.dpz.es\/recursos\/publicaciones\/30\/94\/_image_th1.jpg\" alt=\"\" class=\"size-medium alignnone\" \/><\/td>\n<td style=\"width: 50%; height: 290px;\">\n<h4><strong>T\u00edtulo: Estudios pol\u00edticos y jur\u00eddicos<\/strong><\/h4>\n<p><strong>Autor: <\/strong>Joaqu\u00edn Costa<\/p>\n<p><span style=\"font-size: 16px;\"><span>Madrid: Imprenta de la Revista de Legislaci\u00f3n, 1883<\/span><\/span><\/p>\n<p><strong>Lengua: <\/strong>Castellano<\/p>\n<p><strong>N\u00famero de p\u00e1ginas: <\/strong>439<\/p>\n<\/td>\n<\/tr>\n<tr style=\"height: 359px;\">\n<td style=\"width: 50%; text-align: center; height: 359px;\"><img loading=\"lazy\" decoding=\"async\" width=\"264\" height=\"352\" src=\"https:\/\/pictures.abebooks.com\/inventory\/2790406897.jpg\" alt=\"\" class=\"size-medium alignnone\" \/><\/td>\n<td style=\"width: 50%; height: 359px;\">\n<h4><strong>T\u00edtulo: Quienes deben gobernar despu\u00e9s de la catastrofe<\/strong><\/h4>\n<p><strong>Autor: <\/strong>Joaqu\u00edn Costa<\/p>\n<p><span style=\"font-size: 16px;\"><span>Madrid, Imprenta de los Hijos de M. G. Hern\u00e1ndez, 1900<\/span><\/span><\/p>\n<p><strong>Lengua: <\/strong>Castellano<\/p>\n<p><strong>N\u00famero de p\u00e1ginas: <\/strong>47<strong>\u00a0<\/strong><\/p>\n<\/td>\n<\/tr>\n<tr style=\"height: 311px;\">\n<td style=\"width: 50%; text-align: center; height: 311px;\"><img loading=\"lazy\" decoding=\"async\" width=\"224\" height=\"300\" src=\"https:\/\/repositorio.bde.es\/retrieve\/f23e10d0-4750-4022-91e4-610bf2f62016\/19699.pdf.jpg\" alt=\"\" class=\"size-medium alignnone\" \/><\/td>\n<td style=\"width: 50%; height: 311px;\">\n<h4><strong>T\u00edtulo: Pol\u00edtica hidr\u00e1ulica : misi\u00f3n social de los riegos en Espa\u00f1a<\/strong><\/h4>\n<p><strong>Autor: <\/strong>Joaqu\u00edn Costa<\/p>\n<p><span style=\"font-size: 16px;\"><span>Madrid: Biblioteca J. Costa, 1911 (colecci\u00f3n Obras Completas)<\/span><\/span><\/p>\n<p><strong>Lengua: <\/strong>Castellano<\/p>\n<p><strong>N\u00famero de p\u00e1ginas: <\/strong>353<\/p>\n<\/td>\n<\/tr>\n<tr style=\"height: 362px;\">\n<td style=\"width: 50%; text-align: center; height: 362px;\"><img loading=\"lazy\" decoding=\"async\" width=\"223\" height=\"335\" src=\"https:\/\/m.media-amazon.com\/images\/I\/31mb99mQFEL._AC_UF894,1000_QL80_.jpg\" alt=\"\" class=\"size-medium alignnone\" \/><\/td>\n<td style=\"width: 50%; height: 362px;\">\n<h4><strong style=\"font-family: inherit; font-size: inherit;\">T\u00edtulo: El arbolado y la patria<\/strong><strong><\/strong><\/h4>\n<p><strong>Autor: <\/strong>Joaqu\u00edn Costa<\/p>\n<p><span style=\"font-size: 16px;\"><span>Madrid: Biblioteca J. Costa, 1912 (colecci\u00f3n Biblioteca Econ\u00f3mica ; III)<\/span><\/span><\/p>\n<p><strong>Lengua: <\/strong>Castellano<\/p>\n<p><strong>N\u00famero de p\u00e1ginas: <\/strong>184<\/p>\n<p><a href=\"https:\/\/www.biblioteca.org.ar\/libros\/70852.pdf\"><strong>Descargar<\/strong><\/a><strong>\u00a0<\/strong><\/p>\n<\/td>\n<\/tr>\n<tr style=\"height: 66px;\">\n<td style=\"width: 50%; text-align: center; height: 66px;\"><img loading=\"lazy\" decoding=\"async\" width=\"210\" height=\"334\" src=\"https:\/\/m.media-amazon.com\/images\/I\/61o5w7nWkTL._AC_UF1000,1000_QL80_.jpg\" alt=\"\" class=\"size-medium alignnone\" \/><\/td>\n<td style=\"width: 50%; height: 66px;\">\n<h4><strong>T\u00edtulo: Crisis pol\u00edtica de Espa\u00f1a<\/strong><\/h4>\n<p><strong>Autor: <\/strong>Joaqu\u00edn Costa<\/p>\n<p><span style=\"font-size: 16px;\"><span>Madrid: Madrid, Biblioteca Costa, 1914<\/span><\/span><\/p>\n<p><strong>Lengua: <\/strong>Castellano<\/p>\n<p><strong>N\u00famero de p\u00e1ginas: <\/strong>130<\/p>\n<\/td>\n<\/tr>\n<tr style=\"height: 66px;\">\n<td style=\"width: 50%; text-align: center; height: 66px;\"><img loading=\"lazy\" decoding=\"async\" width=\"208\" height=\"311\" src=\"https:\/\/cdn.agapea.com\/Wentworth-Press\/Politica-quirurgica-i1n18378293.jpg\" alt=\"\" class=\"size-medium alignnone\" \/><\/td>\n<td style=\"width: 50%; height: 66px;\">\n<h4><strong>T\u00edtulo: Pol\u00edtica quir\u00fargica<br \/><\/strong><\/h4>\n<p><strong>Autor: <\/strong>Joaqu\u00edn Costa<\/p>\n<p><span>Madrid, Biblioteca Costa, 1914<\/span><\/p>\n<p><strong>Lengua: <\/strong>Castellano<\/p>\n<p><strong>N\u00famero de p\u00e1ginas: <\/strong>128<\/p>\n<p><strong><a href=\"https:\/\/www.cervantesvirtual.com\/obra-visor\/politica-quirurgica--0\/html\/feef53c6-82b1-11df-acc7-002185ce6064.html\">Acceder<\/a><\/strong><\/p>\n<\/td>\n<\/tr>\n<tr style=\"height: 317px;\">\n<td style=\"width: 50%; text-align: center; height: 317px;\"><img loading=\"lazy\" decoding=\"async\" width=\"206\" height=\"309\" src=\"https:\/\/encrypted-tbn2.gstatic.com\/images?q=tbn:ANd9GcTGz_qwJGA3iZC8ljVFg6xhx4j9ikbKx2VF_DqIxnKajG1vYHtz\" alt=\"\" class=\"size-medium alignnone\" \/><\/td>\n<td style=\"width: 50%; height: 317px;\">\n<h4><strong>T\u00edtulo: Oligarqu\u00eda y caciquismo<br \/><\/strong><\/h4>\n<p><strong>Autor: <\/strong>Joaqu\u00edn Costa<\/p>\n<p><span>Madrid: Revista de Trabajo, 1975<\/span><\/p>\n<p><strong>Lengua: <\/strong>Castellano<\/p>\n<p><strong>N\u00famero de p\u00e1ginas: <\/strong>pp. 188-196<\/p>\n<p><a href=\"https:\/\/www.cervantesvirtual.com\/obra-visor\/oligarquia-y-caciquismo-como-la-forma-actual-de-gobierno-en-espana-memoria-y-resumen-de-la-informacion--0\/html\/dca5c396-2dc6-11e2-b417-000475f5bda5.html\" target=\"_blank\" rel=\"noopener\"><strong>Acceder<\/strong><\/a><\/p>\n<h4><strong>\u00a0<\/strong><\/h4>\n<\/td>\n<\/tr>\n<\/tbody>\n<\/table>\n<p>&nbsp;<\/p>\n<p>[\/et_pb_toggle][\/et_pb_column][et_pb_column type=\u00bb1_5&#8243; _builder_version=\u00bb4.27.0&#8243; _module_preset=\u00bbdefault\u00bb global_colors_info=\u00bb{}\u00bb][et_pb_blurb title=\u00bbB\u00fasqueda general\u00bb url=\u00bbhttps:\/\/dara.aragon.es\/opac\/app\/simple\/apjc\u00bb url_new_window=\u00bbon\u00bb use_icon=\u00bbon\u00bb font_icon=\u00bb&#x55;||divi||400&#8243; icon_placement=\u00bbleft\u00bb image_icon_width=\u00bb30px\u00bb _builder_version=\u00bb4.27.4&#8243; _module_preset=\u00bbdefault\u00bb link_option_url=\u00bbhttps:\/\/dara.aragon.es\/opac\/app\/simple\/apjc\u00bb link_option_url_new_window=\u00bbon\u00bb locked=\u00bboff\u00bb global_colors_info=\u00bb{%22#0e0c19%22:%91%22header_text_color%22,%22header_text_color%22%93,%22#ffc300%22:%91%22icon_color%22,%22icon_color%22%93,%22#3c3a47%22:%91%22body_text_color%22%93}\u00bb][\/et_pb_blurb][et_pb_blurb title=\u00bbDocumentos pol\u00edticos\u00bb url=\u00bbhttps:\/\/dara.aragon.es\/opac\/app\/results\/apjc?st=.3.116.125.129.235.1281838.1281841&#038;ob=re:1&#8243; url_new_window=\u00bbon\u00bb use_icon=\u00bbon\u00bb font_icon=\u00bb&#xe101;||divi||400&#8243; icon_placement=\u00bbleft\u00bb image_icon_width=\u00bb30px\u00bb _builder_version=\u00bb4.27.4&#8243; _module_preset=\u00bbdefault\u00bb link_option_url=\u00bbhttps:\/\/dara.aragon.es\/opac\/app\/results\/apjc?st=.3.116.125.129.235.1281838.1281841&#038;ob=re:1&#8243; link_option_url_new_window=\u00bbon\u00bb locked=\u00bboff\u00bb global_colors_info=\u00bb{%22#0e0c19%22:%91%22header_text_color%22,%22header_text_color%22%93,%22#ffc300%22:%91%22icon_color%22,%22icon_color%22%93,%22#3c3a47%22:%91%22body_text_color%22%93}\u00bb][\/et_pb_blurb][et_pb_blurb title=\u00bbFotograf\u00edas\u00bb url=\u00bbhttps:\/\/dara.aragon.es\/opac\/app\/results\/apjc?p=0&#038;q=*&#038;pmp=%25foto%25,foto&#038;ob=os:1&#038;vm=mv\u00bb url_new_window=\u00bbon\u00bb use_icon=\u00bbon\u00bb font_icon=\u00bb&#xf03e;||fa||900&#8243; icon_placement=\u00bbleft\u00bb image_icon_width=\u00bb30px\u00bb _builder_version=\u00bb4.27.3&#8243; _module_preset=\u00bbdefault\u00bb link_option_url=\u00bbhttps:\/\/dara.aragon.es\/opac\/app\/results\/apjc?p=0&#038;q=*&#038;pmp=%25foto%25,foto&#038;ob=os:1&#038;vm=mv\u00bb link_option_url_new_window=\u00bbon\u00bb locked=\u00bboff\u00bb global_colors_info=\u00bb{%22#0e0c19%22:%91%22header_text_color%22,%22header_text_color%22,%22header_text_color%22,%22header_text_color%22%93,%22#ffc300%22:%91%22icon_color%22,%22icon_color%22,%22icon_color%22,%22icon_color%22%93,%22#3c3a47%22:%91%22body_text_color%22,%22body_text_color%22%93}\u00bb][\/et_pb_blurb][\/et_pb_column][\/et_pb_row][\/et_pb_section]<\/p>\n","protected":false},"excerpt":{"rendered":"<p>Contiene documentos pol\u00edticos sobre su campa\u00f1a electoral, el periodo de formaci\u00f3n de la C\u00e1mara Agr\u00edcola del Alto Arag\u00f3n y de la Uni\u00f3n Nacional, junto con temas como el regionalismo, la pol\u00edtica hidr\u00e1ulica y reformas administrativas. La fusi\u00f3n de la Liga de Productores y su posterior ruptura. Su Proyecto de Ley Municipal y opiniones sobre la [&hellip;]<\/p>\n","protected":false},"author":1,"featured_media":50,"parent":0,"menu_order":0,"comment_status":"closed","ping_status":"closed","template":"","meta":{"_et_pb_use_builder":"on","_et_pb_old_content":"<!-- wp:divi\/placeholder \/-->","_et_gb_content_width":"","footnotes":""},"class_list":["post-27","page","type-page","status-publish","has-post-thumbnail","hentry"],"yoast_head":"<!-- This site is optimized with the Yoast SEO plugin v27.5 - https:\/\/yoast.com\/product\/yoast-seo-wordpress\/ -->\n<title>Actividad Pol\u00edtica - Joaqu\u00edn Costa Mart\u00ednez<\/title>\n<meta name=\"robots\" content=\"index, follow, max-snippet:-1, max-image-preview:large, max-video-preview:-1\" \/>\n<link rel=\"canonical\" href=\"https:\/\/dara.aragon.es\/dara\/joaquin-costa\/actividad-politica\/\" \/>\n<meta property=\"og:locale\" content=\"es_ES\" \/>\n<meta property=\"og:type\" content=\"article\" \/>\n<meta property=\"og:title\" content=\"Actividad Pol\u00edtica - Joaqu\u00edn Costa Mart\u00ednez\" \/>\n<meta property=\"og:description\" content=\"Contiene documentos pol\u00edticos sobre su campa\u00f1a electoral, el periodo de formaci\u00f3n de la C\u00e1mara Agr\u00edcola del Alto Arag\u00f3n y de la Uni\u00f3n Nacional, junto con temas como el regionalismo, la pol\u00edtica hidr\u00e1ulica y reformas administrativas. La fusi\u00f3n de la Liga de Productores y su posterior ruptura. Su Proyecto de Ley Municipal y opiniones sobre la [&hellip;]\" \/>\n<meta property=\"og:url\" content=\"https:\/\/dara.aragon.es\/dara\/joaquin-costa\/actividad-politica\/\" \/>\n<meta property=\"og:site_name\" content=\"Joaqu\u00edn Costa Mart\u00ednez\" \/>\n<meta property=\"article:modified_time\" content=\"2025-04-18T06:54:09+00:00\" \/>\n<meta property=\"og:image\" content=\"https:\/\/dara.aragon.es\/dara\/joaquin-costa\/wp-content\/uploads\/sites\/8\/2025\/04\/costa-actividad-politica.png\" \/>\n\t<meta property=\"og:image:width\" content=\"330\" \/>\n\t<meta property=\"og:image:height\" content=\"447\" \/>\n\t<meta property=\"og:image:type\" content=\"image\/png\" \/>\n<meta name=\"twitter:card\" content=\"summary_large_image\" \/>\n<meta name=\"twitter:label1\" content=\"Tiempo de lectura\" \/>\n\t<meta name=\"twitter:data1\" content=\"6 minutos\" \/>\n<script type=\"application\/ld+json\" class=\"yoast-schema-graph\">{\"@context\":\"https:\\\/\\\/schema.org\",\"@graph\":[{\"@type\":\"WebPage\",\"@id\":\"https:\\\/\\\/dara.aragon.es\\\/dara\\\/joaquin-costa\\\/actividad-politica\\\/\",\"url\":\"https:\\\/\\\/dara.aragon.es\\\/dara\\\/joaquin-costa\\\/actividad-politica\\\/\",\"name\":\"Actividad Pol\u00edtica - Joaqu\u00edn Costa Mart\u00ednez\",\"isPartOf\":{\"@id\":\"https:\\\/\\\/dara.aragon.es\\\/dara\\\/joaquin-costa\\\/#website\"},\"primaryImageOfPage\":{\"@id\":\"https:\\\/\\\/dara.aragon.es\\\/dara\\\/joaquin-costa\\\/actividad-politica\\\/#primaryimage\"},\"image\":{\"@id\":\"https:\\\/\\\/dara.aragon.es\\\/dara\\\/joaquin-costa\\\/actividad-politica\\\/#primaryimage\"},\"thumbnailUrl\":\"https:\\\/\\\/dara.aragon.es\\\/dara\\\/joaquin-costa\\\/wp-content\\\/uploads\\\/sites\\\/8\\\/2025\\\/04\\\/costa-actividad-politica.png\",\"datePublished\":\"2025-04-18T04:58:40+00:00\",\"dateModified\":\"2025-04-18T06:54:09+00:00\",\"breadcrumb\":{\"@id\":\"https:\\\/\\\/dara.aragon.es\\\/dara\\\/joaquin-costa\\\/actividad-politica\\\/#breadcrumb\"},\"inLanguage\":\"es\",\"potentialAction\":[{\"@type\":\"ReadAction\",\"target\":[\"https:\\\/\\\/dara.aragon.es\\\/dara\\\/joaquin-costa\\\/actividad-politica\\\/\"]}]},{\"@type\":\"ImageObject\",\"inLanguage\":\"es\",\"@id\":\"https:\\\/\\\/dara.aragon.es\\\/dara\\\/joaquin-costa\\\/actividad-politica\\\/#primaryimage\",\"url\":\"https:\\\/\\\/dara.aragon.es\\\/dara\\\/joaquin-costa\\\/wp-content\\\/uploads\\\/sites\\\/8\\\/2025\\\/04\\\/costa-actividad-politica.png\",\"contentUrl\":\"https:\\\/\\\/dara.aragon.es\\\/dara\\\/joaquin-costa\\\/wp-content\\\/uploads\\\/sites\\\/8\\\/2025\\\/04\\\/costa-actividad-politica.png\",\"width\":330,\"height\":447},{\"@type\":\"BreadcrumbList\",\"@id\":\"https:\\\/\\\/dara.aragon.es\\\/dara\\\/joaquin-costa\\\/actividad-politica\\\/#breadcrumb\",\"itemListElement\":[{\"@type\":\"ListItem\",\"position\":1,\"name\":\"Portada\",\"item\":\"https:\\\/\\\/dara.aragon.es\\\/dara\\\/joaquin-costa\\\/\"},{\"@type\":\"ListItem\",\"position\":2,\"name\":\"Actividad Pol\u00edtica\"}]},{\"@type\":\"WebSite\",\"@id\":\"https:\\\/\\\/dara.aragon.es\\\/dara\\\/joaquin-costa\\\/#website\",\"url\":\"https:\\\/\\\/dara.aragon.es\\\/dara\\\/joaquin-costa\\\/\",\"name\":\"Joaqu\u00edn Costa Mart\u00ednez\",\"description\":\"\",\"potentialAction\":[{\"@type\":\"SearchAction\",\"target\":{\"@type\":\"EntryPoint\",\"urlTemplate\":\"https:\\\/\\\/dara.aragon.es\\\/dara\\\/joaquin-costa\\\/?s={search_term_string}\"},\"query-input\":{\"@type\":\"PropertyValueSpecification\",\"valueRequired\":true,\"valueName\":\"search_term_string\"}}],\"inLanguage\":\"es\"}]}<\/script>\n<!-- \/ Yoast SEO plugin. -->","yoast_head_json":{"title":"Actividad Pol\u00edtica - Joaqu\u00edn Costa Mart\u00ednez","robots":{"index":"index","follow":"follow","max-snippet":"max-snippet:-1","max-image-preview":"max-image-preview:large","max-video-preview":"max-video-preview:-1"},"canonical":"https:\/\/dara.aragon.es\/dara\/joaquin-costa\/actividad-politica\/","og_locale":"es_ES","og_type":"article","og_title":"Actividad Pol\u00edtica - Joaqu\u00edn Costa Mart\u00ednez","og_description":"Contiene documentos pol\u00edticos sobre su campa\u00f1a electoral, el periodo de formaci\u00f3n de la C\u00e1mara Agr\u00edcola del Alto Arag\u00f3n y de la Uni\u00f3n Nacional, junto con temas como el regionalismo, la pol\u00edtica hidr\u00e1ulica y reformas administrativas. La fusi\u00f3n de la Liga de Productores y su posterior ruptura. Su Proyecto de Ley Municipal y opiniones sobre la [&hellip;]","og_url":"https:\/\/dara.aragon.es\/dara\/joaquin-costa\/actividad-politica\/","og_site_name":"Joaqu\u00edn Costa Mart\u00ednez","article_modified_time":"2025-04-18T06:54:09+00:00","og_image":[{"width":330,"height":447,"url":"https:\/\/dara.aragon.es\/dara\/joaquin-costa\/wp-content\/uploads\/sites\/8\/2025\/04\/costa-actividad-politica.png","type":"image\/png"}],"twitter_card":"summary_large_image","twitter_misc":{"Tiempo de lectura":"6 minutos"},"schema":{"@context":"https:\/\/schema.org","@graph":[{"@type":"WebPage","@id":"https:\/\/dara.aragon.es\/dara\/joaquin-costa\/actividad-politica\/","url":"https:\/\/dara.aragon.es\/dara\/joaquin-costa\/actividad-politica\/","name":"Actividad Pol\u00edtica - Joaqu\u00edn Costa Mart\u00ednez","isPartOf":{"@id":"https:\/\/dara.aragon.es\/dara\/joaquin-costa\/#website"},"primaryImageOfPage":{"@id":"https:\/\/dara.aragon.es\/dara\/joaquin-costa\/actividad-politica\/#primaryimage"},"image":{"@id":"https:\/\/dara.aragon.es\/dara\/joaquin-costa\/actividad-politica\/#primaryimage"},"thumbnailUrl":"https:\/\/dara.aragon.es\/dara\/joaquin-costa\/wp-content\/uploads\/sites\/8\/2025\/04\/costa-actividad-politica.png","datePublished":"2025-04-18T04:58:40+00:00","dateModified":"2025-04-18T06:54:09+00:00","breadcrumb":{"@id":"https:\/\/dara.aragon.es\/dara\/joaquin-costa\/actividad-politica\/#breadcrumb"},"inLanguage":"es","potentialAction":[{"@type":"ReadAction","target":["https:\/\/dara.aragon.es\/dara\/joaquin-costa\/actividad-politica\/"]}]},{"@type":"ImageObject","inLanguage":"es","@id":"https:\/\/dara.aragon.es\/dara\/joaquin-costa\/actividad-politica\/#primaryimage","url":"https:\/\/dara.aragon.es\/dara\/joaquin-costa\/wp-content\/uploads\/sites\/8\/2025\/04\/costa-actividad-politica.png","contentUrl":"https:\/\/dara.aragon.es\/dara\/joaquin-costa\/wp-content\/uploads\/sites\/8\/2025\/04\/costa-actividad-politica.png","width":330,"height":447},{"@type":"BreadcrumbList","@id":"https:\/\/dara.aragon.es\/dara\/joaquin-costa\/actividad-politica\/#breadcrumb","itemListElement":[{"@type":"ListItem","position":1,"name":"Portada","item":"https:\/\/dara.aragon.es\/dara\/joaquin-costa\/"},{"@type":"ListItem","position":2,"name":"Actividad Pol\u00edtica"}]},{"@type":"WebSite","@id":"https:\/\/dara.aragon.es\/dara\/joaquin-costa\/#website","url":"https:\/\/dara.aragon.es\/dara\/joaquin-costa\/","name":"Joaqu\u00edn Costa Mart\u00ednez","description":"","potentialAction":[{"@type":"SearchAction","target":{"@type":"EntryPoint","urlTemplate":"https:\/\/dara.aragon.es\/dara\/joaquin-costa\/?s={search_term_string}"},"query-input":{"@type":"PropertyValueSpecification","valueRequired":true,"valueName":"search_term_string"}}],"inLanguage":"es"}]}},"_links":{"self":[{"href":"https:\/\/dara.aragon.es\/dara\/joaquin-costa\/wp-json\/wp\/v2\/pages\/27","targetHints":{"allow":["GET"]}}],"collection":[{"href":"https:\/\/dara.aragon.es\/dara\/joaquin-costa\/wp-json\/wp\/v2\/pages"}],"about":[{"href":"https:\/\/dara.aragon.es\/dara\/joaquin-costa\/wp-json\/wp\/v2\/types\/page"}],"author":[{"embeddable":true,"href":"https:\/\/dara.aragon.es\/dara\/joaquin-costa\/wp-json\/wp\/v2\/users\/1"}],"replies":[{"embeddable":true,"href":"https:\/\/dara.aragon.es\/dara\/joaquin-costa\/wp-json\/wp\/v2\/comments?post=27"}],"version-history":[{"count":5,"href":"https:\/\/dara.aragon.es\/dara\/joaquin-costa\/wp-json\/wp\/v2\/pages\/27\/revisions"}],"predecessor-version":[{"id":97,"href":"https:\/\/dara.aragon.es\/dara\/joaquin-costa\/wp-json\/wp\/v2\/pages\/27\/revisions\/97"}],"wp:featuredmedia":[{"embeddable":true,"href":"https:\/\/dara.aragon.es\/dara\/joaquin-costa\/wp-json\/wp\/v2\/media\/50"}],"wp:attachment":[{"href":"https:\/\/dara.aragon.es\/dara\/joaquin-costa\/wp-json\/wp\/v2\/media?parent=27"}],"curies":[{"name":"wp","href":"https:\/\/api.w.org\/{rel}","templated":true}]}}