{"id":1469,"date":"2023-07-26T18:29:21","date_gmt":"2023-07-26T18:29:21","guid":{"rendered":"https:\/\/dara.aragon.es\/dara\/sijena\/?page_id=1469"},"modified":"2024-06-02T08:57:07","modified_gmt":"2024-06-02T08:57:07","slug":"beatriz-cornel-1427-1451","status":"publish","type":"page","link":"https:\/\/dara.aragon.es\/dara\/sijena\/beatriz-cornel-1427-1451\/","title":{"rendered":"Beatriz Cornel (1427-1451)"},"content":{"rendered":"<p>[et_pb_section fb_built=\u00bb1&#8243; fullwidth=\u00bbon\u00bb admin_label=\u00bbHeader Section\u00bb _builder_version=\u00bb4.20.2&#8243; background_color=\u00bb#0D3857&#8243; background_enable_image=\u00bboff\u00bb parallax=\u00bbon\u00bb custom_padding=\u00bb|||\u00bb saved_tabs=\u00bball\u00bb locked=\u00bboff\u00bb global_colors_info=\u00bb{}\u00bb][et_pb_fullwidth_header title=\u00bbLAS PRIORAS DE SIGENA:\u00bb subhead=\u00bbBEATRIZ CORNEL (1427-1451)\u00bb text_orientation=\u00bbcenter\u00bb background_overlay_color=\u00bbrgba(0,0,0,0.4)\u00bb admin_label=\u00bbContents\u00bb _builder_version=\u00bb4.25.1&#8243; title_font=\u00bbOswald|||on|\u00bb title_text_align=\u00bbcenter\u00bb title_font_size=\u00bb38px\u00bb title_letter_spacing=\u00bb0.05em\u00bb title_line_height=\u00bb1.5em\u00bb subhead_font=\u00bbNunito|600|||||||\u00bb subhead_font_size=\u00bb20px\u00bb subhead_line_height=\u00bb1.9em\u00bb background_color=\u00bbrgba(255, 255, 255, 0)\u00bb background_enable_image=\u00bboff\u00bb parallax=\u00bbon\u00bb parallax_method=\u00bbon\u00bb custom_button_one=\u00bbon\u00bb button_one_text_size=\u00bb15px\u00bb button_one_bg_color=\u00bb#dca57d\u00bb button_one_border_width=\u00bb10px\u00bb button_one_border_color=\u00bb#dca57d\u00bb button_one_border_radius=\u00bb0px\u00bb button_one_letter_spacing=\u00bb3px\u00bb button_one_font=\u00bbOswald|||on|\u00bb button_one_use_icon=\u00bboff\u00bb custom_margin=\u00bb|||\u00bb custom_padding=\u00bb1%||1%||false|false\u00bb animation_style=\u00bbfade\u00bb animation_starting_opacity=\u00bb50%\u00bb animation_speed_curve=\u00bbease-in\u00bb title_font_size_tablet=\u00bb60px\u00bb title_font_size_phone=\u00bb40px\u00bb title_font_size_last_edited=\u00bbon|phone\u00bb button_one_border_color_hover=\u00bb#c99872&#8243; button_one_border_radius_hover=\u00bb0px\u00bb button_one_letter_spacing_hover=\u00bb3px\u00bb button_one_bg_color_hover=\u00bb#c99872&#8243; global_colors_info=\u00bb{}\u00bb button_one_text_size__hover_enabled=\u00bboff\u00bb button_two_text_size__hover_enabled=\u00bboff\u00bb button_one_text_color__hover_enabled=\u00bboff\u00bb button_two_text_color__hover_enabled=\u00bboff\u00bb button_one_border_width__hover_enabled=\u00bboff\u00bb button_two_border_width__hover_enabled=\u00bboff\u00bb button_one_border_color__hover_enabled=\u00bbon\u00bb button_one_border_color__hover=\u00bb#c99872&#8243; button_two_border_color__hover_enabled=\u00bboff\u00bb button_one_border_radius__hover_enabled=\u00bbon\u00bb button_one_border_radius__hover=\u00bb0px\u00bb button_two_border_radius__hover_enabled=\u00bboff\u00bb button_one_letter_spacing__hover_enabled=\u00bbon\u00bb button_one_letter_spacing__hover=\u00bb3px\u00bb button_two_letter_spacing__hover_enabled=\u00bboff\u00bb button_one_bg_color__hover_enabled=\u00bbon\u00bb button_one_bg_color__hover=\u00bb#c99872&#8243; button_two_bg_color__hover_enabled=\u00bboff\u00bb][\/et_pb_fullwidth_header][\/et_pb_section][et_pb_section fb_built=\u00bb1&#8243; _builder_version=\u00bb4.20.2&#8243; _module_preset=\u00bbdefault\u00bb global_colors_info=\u00bb{}\u00bb][et_pb_row column_structure=\u00bb2_5,3_5&#8243; _builder_version=\u00bb4.20.2&#8243; _module_preset=\u00bbdefault\u00bb global_colors_info=\u00bb{}\u00bb][et_pb_column type=\u00bb2_5&#8243; _builder_version=\u00bb4.20.2&#8243; _module_preset=\u00bbdefault\u00bb global_colors_info=\u00bb{}\u00bb][et_pb_image src=\u00bbhttps:\/\/dara.aragon.es\/dara\/sijena\/wp-content\/uploads\/sites\/5\/2023\/07\/Escudo-Beatriz-Cornel.png\u00bb title_text=\u00bbEscudo Beatriz Cornel\u00bb align=\u00bbcenter\u00bb _builder_version=\u00bb4.20.2&#8243; _module_preset=\u00bbdefault\u00bb width=\u00bb80%\u00bb custom_margin=\u00bb4px|||||\u00bb global_colors_info=\u00bb{}\u00bb][\/et_pb_image][et_pb_image src=\u00bbhttps:\/\/dara.aragon.es\/dara\/sijena\/wp-content\/uploads\/sites\/5\/2023\/07\/Escudo-personal-Beatriz-Cornel.png\u00bb title_text=\u00bbEscudo personal Beatriz Cornel\u00bb align=\u00bbcenter\u00bb _builder_version=\u00bb4.20.2&#8243; _module_preset=\u00bbdefault\u00bb width=\u00bb80%\u00bb global_colors_info=\u00bb{}\u00bb][\/et_pb_image][et_pb_text _builder_version=\u00bb4.20.2&#8243; _module_preset=\u00bbdefault\u00bb global_colors_info=\u00bb{}\u00bb]<\/p>\n<p><span>Escudos her\u00e1ldicos de Beatriz Cornel y del apellido Cornel situados en los laterales de su caja sepulcral, custodiada en el Monasterio de Sigena. c. 1451-1459, temple sobre tabla.<\/span><\/p>\n<p>[\/et_pb_text][\/et_pb_column][et_pb_column type=\u00bb3_5&#8243; _builder_version=\u00bb4.20.2&#8243; _module_preset=\u00bbdefault\u00bb global_colors_info=\u00bb{}\u00bb][et_pb_text _builder_version=\u00bb4.20.2&#8243; _module_preset=\u00bbdefault\u00bb global_colors_info=\u00bb{}\u00bb]<\/p>\n<p style=\"text-align: justify;\"><span>Era hija de Luis Cornel, se\u00f1or de Alfajar\u00edn, y Brianda de Luna, y sobrina de la reina Mar\u00eda de Luna (1396-1406), esposa de Mart\u00edn I (1396-1410). Beatriz Cornel formaba parte, por tanto, de uno de los grandes linajes aragoneses de la Baja Edad Media -el de los Luna- bien emparentado con el resto de la nobleza del reino y vinculado a la monarqu\u00eda aragonesa. Cuando Brianda test\u00f3, dej\u00f3 a su hija todo el mobiliario de su habitaci\u00f3n de Zaragoza, 600 sueldos jaqueses de pensi\u00f3n sobre los lugares de Letux y Alfajar\u00edn y 2.000 sueldos sobre todos sus bienes, nombrando albaceas testamentarios al Justicia de Arag\u00f3n Juan Jim\u00e9nez Cerd\u00e1n, a los juristas Juan P\u00e9rez de C\u00e1seda y a Pelegr\u00edn de Jasa, y a Mart\u00edn de Quinyonedo, del convento de frailes menores de Zaragoza.\u00a0 Tras su nombramiento como priora, el 4 de noviembre de 1427 jur\u00f3 los fueros, privilegios, libertades y buenas costumbres de sus vasallos a petici\u00f3n de los jurados de Sena, Villanueva, Onti\u00f1ena, Bujaraloz y Candasnos, en tanto que se\u00f1ora de dichos lugares.\u00a0<\/span><\/p>\n<p style=\"text-align: justify;\"><span>Los Cornel buscaron en Sigena el lugar de enterramiento de las religiosas del linaje. As\u00ed, en la urna sepulcral que guarda los restos de Beatriz Cornel, aparece la inscripci\u00f3n <em>\u00abAqui yace el cuerpo de la reverent, noble e muy magnifica se\u00f1ora Dona Beatriz Cornel, priora de Xixena, trepaso de aquesta vida a XX enero, anyo MCCCLI, l&#8217;anima de la qual haya buen reposo. Amen\u00bb.<\/em><\/span><\/p>\n<p><span><\/span><\/p>\n<p>[\/et_pb_text][et_pb_button button_url=\u00bbhttps:\/\/dara.aragon.es\/opac\/app\/results\/sixev?q=beatriz+cornel&#038;ob=re:1&#038;ft=person:Cornel,+Beatriz+%28priora%29&#8243; url_new_window=\u00bbon\u00bb button_text=\u00bbDOCUMENTOS SOBRE BEATRIZ CORNEL EN DARA\u00bb _builder_version=\u00bb4.20.2&#8243; _module_preset=\u00bbdefault\u00bb custom_button=\u00bbon\u00bb button_text_color=\u00bb#000000&#8243; global_colors_info=\u00bb{}\u00bb custom_margin=\u00bb15px||||false|false\u00bb button_bg_color__hover=\u00bbRGBA(255,255,255,0)\u00bb button_bg_color__hover_enabled=\u00bbon|hover\u00bb button_border_color__hover=\u00bb#232323&#8243; button_border_color__hover_enabled=\u00bbon|hover\u00bb][\/et_pb_button][et_pb_text _builder_version=\u00bb4.20.2&#8243; _module_preset=\u00bbdefault\u00bb global_colors_info=\u00bb{}\u00bb]<\/p>\n<h2 style=\"text-align: center;\">BIBLIOGRAF\u00cdA<\/h2>\n<p>[\/et_pb_text][et_pb_text _builder_version=\u00bb4.20.2&#8243; _module_preset=\u00bbdefault\u00bb global_colors_info=\u00bb{}\u00bb]<\/p>\n<ul>\n<li style=\"text-align: justify;\">Pano y Ruata, Mariano de \u00ab<a href=\"https:\/\/plan.aragon.es\/FBA.nsf\/0\/817e78f7a432d6abc1256e15002b4155\/$FILE\/ATTD2LIL\/Las%20prioras%20Cornel.pdf\" target=\"_blank\" rel=\"noopener\">Las prioras Cornel de la real casa de Sigena<\/a>\u00ab,<span>\u00a0<\/span><em>Linajes de Arag\u00f3n<\/em>, tomo VII, n\u00fam. 11 (1916), pp. 201-207.<\/li>\n<li style=\"text-align: justify;\">Pano y Ruata, Mariano de \u00ab<a href=\"https:\/\/bibliotecavirtual.aragon.es\/i18n\/catalogo_imagenes\/grupo.cmd?path=3713132\" target=\"_blank\" rel=\"noopener\">Los Cornel en Sigena<\/a>\u00ab,\u00a0<em>Linajes de Arag\u00f3n<\/em>, tomo VII, n\u00fam. 8 (1916), pp. 141-145.<\/li>\n<\/ul>\n<p>[\/et_pb_text][\/et_pb_column][\/et_pb_row][et_pb_row _builder_version=\u00bb4.20.2&#8243; _module_preset=\u00bbdefault\u00bb global_colors_info=\u00bb{}\u00bb][et_pb_column type=\u00bb4_4&#8243; _builder_version=\u00bb4.20.2&#8243; _module_preset=\u00bbdefault\u00bb global_colors_info=\u00bb{}\u00bb][et_pb_button button_url=\u00bbhttps:\/\/dara.aragon.es\/dara\/sijena\/las-prioras\/\u00bb button_text=\u00bbVOLVER A LAS PRIORAS DE SIGENA\u00bb _builder_version=\u00bb4.20.2&#8243; _module_preset=\u00bbdefault\u00bb custom_button=\u00bbon\u00bb button_text_color=\u00bb#000000&#8243; global_colors_info=\u00bb{}\u00bb url_new_window=\u00bbon\u00bb custom_margin=\u00bb15px||||false|false\u00bb button_bg_color__hover=\u00bbRGBA(255,255,255,0)\u00bb button_bg_color__hover_enabled=\u00bbon|hover\u00bb button_border_color__hover=\u00bb#232323&#8243; button_border_color__hover_enabled=\u00bbon|hover\u00bb][\/et_pb_button][\/et_pb_column][\/et_pb_row][\/et_pb_section]<\/p>\n","protected":false},"excerpt":{"rendered":"<p>Escudos her\u00e1ldicos de Beatriz Cornel y del apellido Cornel situados en los laterales de su caja sepulcral, custodiada en el Monasterio de Sigena. c. 1451-1459, temple sobre tabla.Era hija de Luis Cornel, se\u00f1or de Alfajar\u00edn, y Brianda de Luna, y sobrina de la reina Mar\u00eda de Luna (1396-1406), esposa de Mart\u00edn I (1396-1410). Beatriz Cornel [&hellip;]<\/p>\n","protected":false},"author":2,"featured_media":1472,"parent":0,"menu_order":0,"comment_status":"closed","ping_status":"closed","template":"","meta":{"_et_pb_use_builder":"on","_et_pb_old_content":"","_et_gb_content_width":"","footnotes":""},"class_list":["post-1469","page","type-page","status-publish","has-post-thumbnail","hentry"],"yoast_head":"<!-- This site is optimized with the Yoast SEO plugin v26.2 - https:\/\/yoast.com\/wordpress\/plugins\/seo\/ -->\n<title>Beatriz Cornel (1427-1451) - DARA-Sigena Virtual<\/title>\n<meta name=\"robots\" content=\"index, follow, max-snippet:-1, max-image-preview:large, max-video-preview:-1\" \/>\n<link rel=\"canonical\" href=\"https:\/\/dara.aragon.es\/dara\/sijena\/beatriz-cornel-1427-1451\/\" \/>\n<meta property=\"og:locale\" content=\"es_ES\" \/>\n<meta property=\"og:type\" content=\"article\" \/>\n<meta property=\"og:title\" content=\"Beatriz Cornel (1427-1451) - DARA-Sigena Virtual\" \/>\n<meta property=\"og:description\" content=\"Escudos her\u00e1ldicos de Beatriz Cornel y del apellido Cornel situados en los laterales de su caja sepulcral, custodiada en el Monasterio de Sigena. c. 1451-1459, temple sobre tabla.Era hija de Luis Cornel, se\u00f1or de Alfajar\u00edn, y Brianda de Luna, y sobrina de la reina Mar\u00eda de Luna (1396-1406), esposa de Mart\u00edn I (1396-1410). Beatriz Cornel [&hellip;]\" \/>\n<meta property=\"og:url\" content=\"https:\/\/dara.aragon.es\/dara\/sijena\/beatriz-cornel-1427-1451\/\" \/>\n<meta property=\"og:site_name\" content=\"DARA-Sigena Virtual\" \/>\n<meta property=\"article:modified_time\" content=\"2024-06-02T08:57:07+00:00\" \/>\n<meta property=\"og:image\" content=\"https:\/\/dara.aragon.es\/dara\/sijena\/wp-content\/uploads\/sites\/5\/2023\/07\/Escudo-Beatriz-Cornel.png\" \/>\n\t<meta property=\"og:image:width\" content=\"335\" \/>\n\t<meta property=\"og:image:height\" content=\"286\" \/>\n\t<meta property=\"og:image:type\" content=\"image\/png\" \/>\n<meta name=\"twitter:card\" content=\"summary_large_image\" \/>\n<meta name=\"twitter:label1\" content=\"Tiempo de lectura\" \/>\n\t<meta name=\"twitter:data1\" content=\"5 minutos\" \/>\n<script type=\"application\/ld+json\" class=\"yoast-schema-graph\">{\"@context\":\"https:\/\/schema.org\",\"@graph\":[{\"@type\":\"WebPage\",\"@id\":\"https:\/\/dara.aragon.es\/dara\/sijena\/beatriz-cornel-1427-1451\/\",\"url\":\"https:\/\/dara.aragon.es\/dara\/sijena\/beatriz-cornel-1427-1451\/\",\"name\":\"Beatriz Cornel (1427-1451) - DARA-Sigena Virtual\",\"isPartOf\":{\"@id\":\"https:\/\/dara.aragon.es\/dara\/sijena\/#website\"},\"primaryImageOfPage\":{\"@id\":\"https:\/\/dara.aragon.es\/dara\/sijena\/beatriz-cornel-1427-1451\/#primaryimage\"},\"image\":{\"@id\":\"https:\/\/dara.aragon.es\/dara\/sijena\/beatriz-cornel-1427-1451\/#primaryimage\"},\"thumbnailUrl\":\"https:\/\/dara.aragon.es\/dara\/sijena\/wp-content\/uploads\/sites\/5\/2023\/07\/Escudo-Beatriz-Cornel.png\",\"datePublished\":\"2023-07-26T18:29:21+00:00\",\"dateModified\":\"2024-06-02T08:57:07+00:00\",\"breadcrumb\":{\"@id\":\"https:\/\/dara.aragon.es\/dara\/sijena\/beatriz-cornel-1427-1451\/#breadcrumb\"},\"inLanguage\":\"es\",\"potentialAction\":[{\"@type\":\"ReadAction\",\"target\":[\"https:\/\/dara.aragon.es\/dara\/sijena\/beatriz-cornel-1427-1451\/\"]}]},{\"@type\":\"ImageObject\",\"inLanguage\":\"es\",\"@id\":\"https:\/\/dara.aragon.es\/dara\/sijena\/beatriz-cornel-1427-1451\/#primaryimage\",\"url\":\"https:\/\/dara.aragon.es\/dara\/sijena\/wp-content\/uploads\/sites\/5\/2023\/07\/Escudo-Beatriz-Cornel.png\",\"contentUrl\":\"https:\/\/dara.aragon.es\/dara\/sijena\/wp-content\/uploads\/sites\/5\/2023\/07\/Escudo-Beatriz-Cornel.png\",\"width\":335,\"height\":286},{\"@type\":\"BreadcrumbList\",\"@id\":\"https:\/\/dara.aragon.es\/dara\/sijena\/beatriz-cornel-1427-1451\/#breadcrumb\",\"itemListElement\":[{\"@type\":\"ListItem\",\"position\":1,\"name\":\"Portada\",\"item\":\"https:\/\/dara.aragon.es\/dara\/sijena\/\"},{\"@type\":\"ListItem\",\"position\":2,\"name\":\"Beatriz Cornel (1427-1451)\"}]},{\"@type\":\"WebSite\",\"@id\":\"https:\/\/dara.aragon.es\/dara\/sijena\/#website\",\"url\":\"https:\/\/dara.aragon.es\/dara\/sijena\/\",\"name\":\"DARA-Sigena Virtual\",\"description\":\"Sigena\",\"potentialAction\":[{\"@type\":\"SearchAction\",\"target\":{\"@type\":\"EntryPoint\",\"urlTemplate\":\"https:\/\/dara.aragon.es\/dara\/sijena\/?s={search_term_string}\"},\"query-input\":{\"@type\":\"PropertyValueSpecification\",\"valueRequired\":true,\"valueName\":\"search_term_string\"}}],\"inLanguage\":\"es\"}]}<\/script>\n<!-- \/ Yoast SEO plugin. -->","yoast_head_json":{"title":"Beatriz Cornel (1427-1451) - DARA-Sigena Virtual","robots":{"index":"index","follow":"follow","max-snippet":"max-snippet:-1","max-image-preview":"max-image-preview:large","max-video-preview":"max-video-preview:-1"},"canonical":"https:\/\/dara.aragon.es\/dara\/sijena\/beatriz-cornel-1427-1451\/","og_locale":"es_ES","og_type":"article","og_title":"Beatriz Cornel (1427-1451) - DARA-Sigena Virtual","og_description":"Escudos her\u00e1ldicos de Beatriz Cornel y del apellido Cornel situados en los laterales de su caja sepulcral, custodiada en el Monasterio de Sigena. c. 1451-1459, temple sobre tabla.Era hija de Luis Cornel, se\u00f1or de Alfajar\u00edn, y Brianda de Luna, y sobrina de la reina Mar\u00eda de Luna (1396-1406), esposa de Mart\u00edn I (1396-1410). Beatriz Cornel [&hellip;]","og_url":"https:\/\/dara.aragon.es\/dara\/sijena\/beatriz-cornel-1427-1451\/","og_site_name":"DARA-Sigena Virtual","article_modified_time":"2024-06-02T08:57:07+00:00","og_image":[{"width":335,"height":286,"url":"https:\/\/dara.aragon.es\/dara\/sijena\/wp-content\/uploads\/sites\/5\/2023\/07\/Escudo-Beatriz-Cornel.png","type":"image\/png"}],"twitter_card":"summary_large_image","twitter_misc":{"Tiempo de lectura":"5 minutos"},"schema":{"@context":"https:\/\/schema.org","@graph":[{"@type":"WebPage","@id":"https:\/\/dara.aragon.es\/dara\/sijena\/beatriz-cornel-1427-1451\/","url":"https:\/\/dara.aragon.es\/dara\/sijena\/beatriz-cornel-1427-1451\/","name":"Beatriz Cornel (1427-1451) - DARA-Sigena Virtual","isPartOf":{"@id":"https:\/\/dara.aragon.es\/dara\/sijena\/#website"},"primaryImageOfPage":{"@id":"https:\/\/dara.aragon.es\/dara\/sijena\/beatriz-cornel-1427-1451\/#primaryimage"},"image":{"@id":"https:\/\/dara.aragon.es\/dara\/sijena\/beatriz-cornel-1427-1451\/#primaryimage"},"thumbnailUrl":"https:\/\/dara.aragon.es\/dara\/sijena\/wp-content\/uploads\/sites\/5\/2023\/07\/Escudo-Beatriz-Cornel.png","datePublished":"2023-07-26T18:29:21+00:00","dateModified":"2024-06-02T08:57:07+00:00","breadcrumb":{"@id":"https:\/\/dara.aragon.es\/dara\/sijena\/beatriz-cornel-1427-1451\/#breadcrumb"},"inLanguage":"es","potentialAction":[{"@type":"ReadAction","target":["https:\/\/dara.aragon.es\/dara\/sijena\/beatriz-cornel-1427-1451\/"]}]},{"@type":"ImageObject","inLanguage":"es","@id":"https:\/\/dara.aragon.es\/dara\/sijena\/beatriz-cornel-1427-1451\/#primaryimage","url":"https:\/\/dara.aragon.es\/dara\/sijena\/wp-content\/uploads\/sites\/5\/2023\/07\/Escudo-Beatriz-Cornel.png","contentUrl":"https:\/\/dara.aragon.es\/dara\/sijena\/wp-content\/uploads\/sites\/5\/2023\/07\/Escudo-Beatriz-Cornel.png","width":335,"height":286},{"@type":"BreadcrumbList","@id":"https:\/\/dara.aragon.es\/dara\/sijena\/beatriz-cornel-1427-1451\/#breadcrumb","itemListElement":[{"@type":"ListItem","position":1,"name":"Portada","item":"https:\/\/dara.aragon.es\/dara\/sijena\/"},{"@type":"ListItem","position":2,"name":"Beatriz Cornel (1427-1451)"}]},{"@type":"WebSite","@id":"https:\/\/dara.aragon.es\/dara\/sijena\/#website","url":"https:\/\/dara.aragon.es\/dara\/sijena\/","name":"DARA-Sigena Virtual","description":"Sigena","potentialAction":[{"@type":"SearchAction","target":{"@type":"EntryPoint","urlTemplate":"https:\/\/dara.aragon.es\/dara\/sijena\/?s={search_term_string}"},"query-input":{"@type":"PropertyValueSpecification","valueRequired":true,"valueName":"search_term_string"}}],"inLanguage":"es"}]}},"_links":{"self":[{"href":"https:\/\/dara.aragon.es\/dara\/sijena\/wp-json\/wp\/v2\/pages\/1469","targetHints":{"allow":["GET"]}}],"collection":[{"href":"https:\/\/dara.aragon.es\/dara\/sijena\/wp-json\/wp\/v2\/pages"}],"about":[{"href":"https:\/\/dara.aragon.es\/dara\/sijena\/wp-json\/wp\/v2\/types\/page"}],"author":[{"embeddable":true,"href":"https:\/\/dara.aragon.es\/dara\/sijena\/wp-json\/wp\/v2\/users\/2"}],"replies":[{"embeddable":true,"href":"https:\/\/dara.aragon.es\/dara\/sijena\/wp-json\/wp\/v2\/comments?post=1469"}],"version-history":[{"count":15,"href":"https:\/\/dara.aragon.es\/dara\/sijena\/wp-json\/wp\/v2\/pages\/1469\/revisions"}],"predecessor-version":[{"id":3515,"href":"https:\/\/dara.aragon.es\/dara\/sijena\/wp-json\/wp\/v2\/pages\/1469\/revisions\/3515"}],"wp:featuredmedia":[{"embeddable":true,"href":"https:\/\/dara.aragon.es\/dara\/sijena\/wp-json\/wp\/v2\/media\/1472"}],"wp:attachment":[{"href":"https:\/\/dara.aragon.es\/dara\/sijena\/wp-json\/wp\/v2\/media?parent=1469"}],"curies":[{"name":"wp","href":"https:\/\/api.w.org\/{rel}","templated":true}]}}