{"id":2699,"date":"2023-11-30T10:37:57","date_gmt":"2023-11-30T10:37:57","guid":{"rendered":"https:\/\/dara.aragon.es\/dara\/sijena\/?page_id=2699"},"modified":"2024-06-06T07:15:46","modified_gmt":"2024-06-06T07:15:46","slug":"maria-del-pilar-samitier-coll-1930-1952","status":"publish","type":"page","link":"https:\/\/dara.aragon.es\/dara\/sijena\/maria-del-pilar-samitier-coll-1930-1952\/","title":{"rendered":"Mar\u00eda del Pilar Samitier Coll (1930-1952)"},"content":{"rendered":"<p>[et_pb_section fb_built=\u00bb1&#8243; fullwidth=\u00bbon\u00bb admin_label=\u00bbHeader Section\u00bb _builder_version=\u00bb4.20.2&#8243; background_color=\u00bb#0D3857&#8243; background_enable_image=\u00bboff\u00bb parallax=\u00bbon\u00bb custom_padding=\u00bb|||\u00bb saved_tabs=\u00bball\u00bb locked=\u00bboff\u00bb global_colors_info=\u00bb{}\u00bb][et_pb_fullwidth_header title=\u00bbLAS PRIORAS DE SIGENA:\u00bb subhead=\u00bbMar\u00eda del Pilar Samitier Coll (1930-1952)\u00bb text_orientation=\u00bbcenter\u00bb background_overlay_color=\u00bbrgba(0,0,0,0.4)\u00bb admin_label=\u00bbContents\u00bb _builder_version=\u00bb4.25.1&#8243; title_font=\u00bbOswald|||on|\u00bb title_text_align=\u00bbcenter\u00bb title_font_size=\u00bb38px\u00bb title_letter_spacing=\u00bb0.05em\u00bb title_line_height=\u00bb1.5em\u00bb subhead_font=\u00bbNunito|600||on|||||\u00bb subhead_font_size=\u00bb20px\u00bb subhead_line_height=\u00bb1.9em\u00bb custom_button_one=\u00bbon\u00bb button_one_text_size=\u00bb15px\u00bb button_one_bg_color=\u00bb#dca57d\u00bb button_one_border_width=\u00bb10px\u00bb button_one_border_color=\u00bb#dca57d\u00bb button_one_border_radius=\u00bb0px\u00bb button_one_letter_spacing=\u00bb3px\u00bb button_one_font=\u00bbOswald|||on|\u00bb button_one_use_icon=\u00bboff\u00bb custom_padding=\u00bb1%||1%||false|false\u00bb title_font_size_tablet=\u00bb60px\u00bb title_font_size_phone=\u00bb40px\u00bb title_font_size_last_edited=\u00bbon|phone\u00bb button_one_border_color_hover=\u00bb#c99872&#8243; button_one_border_radius_hover=\u00bb0px\u00bb button_one_letter_spacing_hover=\u00bb3px\u00bb button_one_bg_color_hover=\u00bb#c99872&#8243; global_colors_info=\u00bb{}\u00bb button_one_text_size__hover_enabled=\u00bboff\u00bb button_two_text_size__hover_enabled=\u00bboff\u00bb button_one_text_color__hover_enabled=\u00bboff\u00bb button_two_text_color__hover_enabled=\u00bboff\u00bb button_one_border_width__hover_enabled=\u00bboff\u00bb button_two_border_width__hover_enabled=\u00bboff\u00bb button_one_border_color__hover_enabled=\u00bbon\u00bb button_one_border_color__hover=\u00bb#c99872&#8243; button_two_border_color__hover_enabled=\u00bboff\u00bb button_one_border_radius__hover_enabled=\u00bbon\u00bb button_one_border_radius__hover=\u00bb0px\u00bb button_two_border_radius__hover_enabled=\u00bboff\u00bb button_one_letter_spacing__hover_enabled=\u00bbon\u00bb button_one_letter_spacing__hover=\u00bb3px\u00bb button_two_letter_spacing__hover_enabled=\u00bboff\u00bb button_one_bg_color__hover_enabled=\u00bbon\u00bb button_one_bg_color__hover=\u00bb#c99872&#8243; button_two_bg_color__hover_enabled=\u00bboff\u00bb background_color=\u00bbrgba(255, 255, 255, 0)\u00bb background_enable_image=\u00bboff\u00bb parallax=\u00bbon\u00bb parallax_method=\u00bbon\u00bb custom_margin=\u00bb|||\u00bb animation_style=\u00bbfade\u00bb animation_starting_opacity=\u00bb50%\u00bb animation_speed_curve=\u00bbease-in\u00bb content_font=\u00bb||||||||\u00bb][\/et_pb_fullwidth_header][\/et_pb_section][et_pb_section fb_built=\u00bb1&#8243; _builder_version=\u00bb4.20.2&#8243; _module_preset=\u00bbdefault\u00bb global_colors_info=\u00bb{}\u00bb][et_pb_row column_structure=\u00bb2_5,3_5&#8243; _builder_version=\u00bb4.20.2&#8243; _module_preset=\u00bbdefault\u00bb global_colors_info=\u00bb{}\u00bb][et_pb_column type=\u00bb2_5&#8243; _builder_version=\u00bb4.20.2&#8243; _module_preset=\u00bbdefault\u00bb global_colors_info=\u00bb{}\u00bb][et_pb_image src=\u00bbhttps:\/\/dara.aragon.es\/dara\/sijena\/wp-content\/uploads\/sites\/5\/2023\/11\/Sigena_1942.png\u00bb title_text=\u00bbSigena_1942&#8243; _builder_version=\u00bb4.20.2&#8243; _module_preset=\u00bbdefault\u00bb global_colors_info=\u00bb{}\u00bb][\/et_pb_image][et_pb_text _builder_version=\u00bb4.20.2&#8243; _module_preset=\u00bbdefault\u00bb text_font_size=\u00bb13px\u00bb text_orientation=\u00bbjustified\u00bb global_colors_info=\u00bb{}\u00bb]<\/p>\n<p>Fotograf\u00eda realizada por la Comisar\u00eda de zona del Servicio de Defensa del Patrimonio Nacional (1942) (Archivo Hist\u00f3rico Provincial de Zaragoza)<\/p>\n<p>[\/et_pb_text][et_pb_button button_url=\u00bbhttps:\/\/dara.aragon.es\/opac\/app\/results\/sixe?p=0&#038;q=*&#038;st=.2.5.10.56.61.77.817579&#038;pmp=%25foto%25,foto&#038;ob=re:1&#038;vm=mv&#038;ft=archive:1&#8243; url_new_window=\u00bbon\u00bb button_text=\u00bbFOTOGRAF\u00cdA EN DARA\u00bb _builder_version=\u00bb4.20.2&#8243; _module_preset=\u00bbdefault\u00bb button_text_size=\u00bb16px\u00bb button_text_color=\u00bb#E09900&#8243; button_border_width=\u00bb2px\u00bb custom_margin=\u00bb-13px||-4px|96px|false|false\u00bb custom_padding=\u00bb|||10px|false|false\u00bb global_colors_info=\u00bb{}\u00bb][\/et_pb_button][\/et_pb_column][et_pb_column type=\u00bb3_5&#8243; _builder_version=\u00bb4.20.2&#8243; _module_preset=\u00bbdefault\u00bb global_colors_info=\u00bb{}\u00bb][et_pb_text _builder_version=\u00bb4.20.2&#8243; _module_preset=\u00bbdefault\u00bb global_colors_info=\u00bb{}\u00bb]<\/p>\n<p style=\"text-align: justify;\">Se hizo cargo del priorazgo tras el fallecimiento de Maria Ignacia Perella, en 1930. Originaria de Barbastro (Huesca), fue hija de Manuel Samitier Loriente y M\u00aa Antonia Coll y Corz\u00e1n, perteneciente a una solariega familia de Bin\u00e9far, y proced\u00eda, por tanto, de una familia acomodada. Entre otras curiosidades, fue cu\u00f1ada del poeta oscense Antonio Gas\u00f3s Espluga,\u00a0que cas\u00f3 con su hermana Presentaci\u00f3n Samitier Coll. En 1894, cuando contaba con 27 a\u00f1os, ingres\u00f3 en el monasterio de Sigena, que por aquel entonces estaba integrado por una treintena de religiosas.<\/p>\n<p>[\/et_pb_text][\/et_pb_column][\/et_pb_row][et_pb_row _builder_version=\u00bb4.20.2&#8243; _module_preset=\u00bbdefault\u00bb custom_padding=\u00bb4px|||||\u00bb global_colors_info=\u00bb{}\u00bb][et_pb_column type=\u00bb4_4&#8243; _builder_version=\u00bb4.20.2&#8243; _module_preset=\u00bbdefault\u00bb global_colors_info=\u00bb{}\u00bb][et_pb_text _builder_version=\u00bb4.20.2&#8243; _module_preset=\u00bbdefault\u00bb global_colors_info=\u00bb{}\u00bb]<\/p>\n<p style=\"text-align: justify\">Antes de acceder al priorato, ejerci\u00f3 el cargo de secretaria del monasterio lo que le permiti\u00f3 ejercer en la pr\u00e1ctica la direcci\u00f3n de la comunidad de religiosas y del monasterio en momentos de incapacidad de la priora, M\u00aa Ignacia Perella Mateu. Como priora, escogida en 1930, adem\u00e1s de promover el respeto a la regla monacal, se preocup\u00f3 por la conservaci\u00f3n material del monasterio, dando inicio a varias reparaciones en la cubierta, los \u00e1bsides o la sala capitular, entre otros espacios. Durante el tiempo en el que estuvo al frente del monasterio, tuvo lugar la destrucci\u00f3n de 1936, lo que oblig\u00f3 a la comunidad a dispersarse. Tras pasar una temporada en Villanueva de Sigena, en Barbastro y en Benasque, en abril de 1938 trat\u00f3 de promover la reuni\u00f3n de la comunidad que, finalmente, regres\u00f3 a\u00a0 Villanueva de Sigena en 1940. Las malas condiciones de la casa parroquial de esta localidad, donde la comunidad residi\u00f3 de manera provisional, oblig\u00f3 a M\u00aa del Pilar Samitier a solicitar a la di\u00f3cesis de L\u00e9rida y al Ayuntamiento de Butsenit permiso para residir en esa localidad, donde estuvieron hasta 1946, cuando finalmente la priora consigui\u00f3 el regreso definitivo al monasterio de Santa Mar\u00eda de Sigena, en 1946. En estos a\u00f1os y antes de la llegada de las religiosas, tuvieron lugar una serie de <a href=\"https:\/\/dara.aragon.es\/dara\/sijena\/las-restauraciones-de-sigena\/\">reformas<\/a> y de iniciativas de saneamiento del conjunto mon\u00e1stico. Tras una breve enfermedad, finalmente falleci\u00f3 en octubre de 1952, a los 85 a\u00f1os, y fue enterrada en el pante\u00f3n del monasterio.<\/p>\n<p>[\/et_pb_text][\/et_pb_column][\/et_pb_row][et_pb_row _builder_version=\u00bb4.20.2&#8243; _module_preset=\u00bbdefault\u00bb custom_margin=\u00bb|auto|-41px|auto||\u00bb global_colors_info=\u00bb{}\u00bb][et_pb_column type=\u00bb4_4&#8243; _builder_version=\u00bb4.20.2&#8243; _module_preset=\u00bbdefault\u00bb global_colors_info=\u00bb{}\u00bb][et_pb_divider show_divider=\u00bboff\u00bb _builder_version=\u00bb4.20.2&#8243; _module_preset=\u00bbdefault\u00bb custom_margin=\u00bb-20px|||||\u00bb global_colors_info=\u00bb{}\u00bb][\/et_pb_divider][\/et_pb_column][\/et_pb_row][et_pb_row _builder_version=\u00bb4.20.2&#8243; _module_preset=\u00bbdefault\u00bb width=\u00bb85.9%\u00bb custom_padding=\u00bb|0px||0px||\u00bb global_colors_info=\u00bb{}\u00bb][et_pb_column type=\u00bb4_4&#8243; _builder_version=\u00bb4.20.2&#8243; _module_preset=\u00bbdefault\u00bb global_colors_info=\u00bb{}\u00bb][et_pb_text _builder_version=\u00bb4.20.2&#8243; _module_preset=\u00bbdefault\u00bb text_font=\u00bbOswald||||||||\u00bb text_font_size=\u00bb13px\u00bb text_letter_spacing=\u00bb2px\u00bb global_colors_info=\u00bb{}\u00bb]<\/p>\n<h2 style=\"text-align: center;\">BIBLIOGRAF\u00cdA<\/h2>\n<p>[\/et_pb_text][et_pb_text _builder_version=\u00bb4.20.2&#8243; _module_preset=\u00bbdefault\u00bb global_colors_info=\u00bb{}\u00bb]<\/p>\n<ul class=\"listaestilo\">\n<li style=\"text-align: justify;\">Palacios S\u00e1nchez, Juan Manuel,\u00bbLas prioras del real y nobil\u00edsimo Monasterio de Sijena, desde 1930 a 1974&#8243;, <em>Argensola: Revista de Ciencias Sociales del Instituto de Estudios Altoaragoneses<\/em>, 71-78 (1971-1974), pp. 53-70.<\/li>\n<li style=\"text-align: justify;\">Ara Torralba, Juan Carlos. \u00abFlores y espinas (1877), de Antonio Gas\u00f3s Espluga (1850-1931). Edici\u00f3n y estudio\u00bb, Alazet, 9 (1997), pp. 35-74. En particular, p. 38.<\/li>\n<\/ul>\n<p>[\/et_pb_text][\/et_pb_column][\/et_pb_row][et_pb_row _builder_version=\u00bb4.20.2&#8243; _module_preset=\u00bbdefault\u00bb custom_padding=\u00bb16px|||||\u00bb global_colors_info=\u00bb{}\u00bb][et_pb_column type=\u00bb4_4&#8243; _builder_version=\u00bb4.20.2&#8243; _module_preset=\u00bbdefault\u00bb global_colors_info=\u00bb{}\u00bb][et_pb_divider show_divider=\u00bboff\u00bb _builder_version=\u00bb4.20.2&#8243; _module_preset=\u00bbdefault\u00bb min_height=\u00bb0px\u00bb global_colors_info=\u00bb{}\u00bb][\/et_pb_divider][et_pb_button button_url=\u00bbhttps:\/\/dara.aragon.es\/dara\/sijena\/las-prioras\/\u00bb button_text=\u00bbVOLVER A LAS PRIORAS DE SIGENA\u00bb _builder_version=\u00bb4.20.2&#8243; _module_preset=\u00bbdefault\u00bb button_text_size=\u00bb16px\u00bb global_colors_info=\u00bb{}\u00bb][\/et_pb_button][\/et_pb_column][\/et_pb_row][\/et_pb_section]<\/p>\n","protected":false},"excerpt":{"rendered":"<p>Fotograf\u00eda realizada por la Comisar\u00eda de zona del Servicio de Defensa del Patrimonio Nacional (1942) (Archivo Hist\u00f3rico Provincial de Zaragoza)Se hizo cargo del priorazgo tras el fallecimiento de Maria Ignacia Perella, en 1930. Originaria de Barbastro (Huesca), fue hija de Manuel Samitier Loriente y M\u00aa Antonia Coll y Corz\u00e1n, perteneciente a una solariega familia de [&hellip;]<\/p>\n","protected":false},"author":2,"featured_media":2718,"parent":0,"menu_order":0,"comment_status":"closed","ping_status":"closed","template":"","meta":{"_et_pb_use_builder":"on","_et_pb_old_content":"","_et_gb_content_width":"","footnotes":""},"class_list":["post-2699","page","type-page","status-publish","has-post-thumbnail","hentry"],"yoast_head":"<!-- This site is optimized with the Yoast SEO plugin v26.2 - https:\/\/yoast.com\/wordpress\/plugins\/seo\/ -->\n<title>Mar\u00eda del Pilar Samitier Coll (1930-1952) - DARA-Sigena Virtual<\/title>\n<meta name=\"robots\" content=\"index, follow, max-snippet:-1, max-image-preview:large, max-video-preview:-1\" \/>\n<link rel=\"canonical\" href=\"https:\/\/dara.aragon.es\/dara\/sijena\/maria-del-pilar-samitier-coll-1930-1952\/\" \/>\n<meta property=\"og:locale\" content=\"es_ES\" \/>\n<meta property=\"og:type\" content=\"article\" \/>\n<meta property=\"og:title\" content=\"Mar\u00eda del Pilar Samitier Coll (1930-1952) - DARA-Sigena Virtual\" \/>\n<meta property=\"og:description\" content=\"Fotograf\u00eda realizada por la Comisar\u00eda de zona del Servicio de Defensa del Patrimonio Nacional (1942) (Archivo Hist\u00f3rico Provincial de Zaragoza)Se hizo cargo del priorazgo tras el fallecimiento de Maria Ignacia Perella, en 1930. Originaria de Barbastro (Huesca), fue hija de Manuel Samitier Loriente y M\u00aa Antonia Coll y Corz\u00e1n, perteneciente a una solariega familia de [&hellip;]\" \/>\n<meta property=\"og:url\" content=\"https:\/\/dara.aragon.es\/dara\/sijena\/maria-del-pilar-samitier-coll-1930-1952\/\" \/>\n<meta property=\"og:site_name\" content=\"DARA-Sigena Virtual\" \/>\n<meta property=\"article:modified_time\" content=\"2024-06-06T07:15:46+00:00\" \/>\n<meta property=\"og:image\" content=\"https:\/\/dara.aragon.es\/dara\/sijena\/wp-content\/uploads\/sites\/5\/2023\/11\/Sigena_1942.png\" \/>\n\t<meta property=\"og:image:width\" content=\"1025\" \/>\n\t<meta property=\"og:image:height\" content=\"761\" \/>\n\t<meta property=\"og:image:type\" content=\"image\/png\" \/>\n<meta name=\"twitter:card\" content=\"summary_large_image\" \/>\n<meta name=\"twitter:label1\" content=\"Tiempo de lectura\" \/>\n\t<meta name=\"twitter:data1\" content=\"6 minutos\" \/>\n<script type=\"application\/ld+json\" class=\"yoast-schema-graph\">{\"@context\":\"https:\/\/schema.org\",\"@graph\":[{\"@type\":\"WebPage\",\"@id\":\"https:\/\/dara.aragon.es\/dara\/sijena\/maria-del-pilar-samitier-coll-1930-1952\/\",\"url\":\"https:\/\/dara.aragon.es\/dara\/sijena\/maria-del-pilar-samitier-coll-1930-1952\/\",\"name\":\"Mar\u00eda del Pilar Samitier Coll (1930-1952) - DARA-Sigena Virtual\",\"isPartOf\":{\"@id\":\"https:\/\/dara.aragon.es\/dara\/sijena\/#website\"},\"primaryImageOfPage\":{\"@id\":\"https:\/\/dara.aragon.es\/dara\/sijena\/maria-del-pilar-samitier-coll-1930-1952\/#primaryimage\"},\"image\":{\"@id\":\"https:\/\/dara.aragon.es\/dara\/sijena\/maria-del-pilar-samitier-coll-1930-1952\/#primaryimage\"},\"thumbnailUrl\":\"https:\/\/dara.aragon.es\/dara\/sijena\/wp-content\/uploads\/sites\/5\/2023\/11\/Sigena_1942.png\",\"datePublished\":\"2023-11-30T10:37:57+00:00\",\"dateModified\":\"2024-06-06T07:15:46+00:00\",\"breadcrumb\":{\"@id\":\"https:\/\/dara.aragon.es\/dara\/sijena\/maria-del-pilar-samitier-coll-1930-1952\/#breadcrumb\"},\"inLanguage\":\"es\",\"potentialAction\":[{\"@type\":\"ReadAction\",\"target\":[\"https:\/\/dara.aragon.es\/dara\/sijena\/maria-del-pilar-samitier-coll-1930-1952\/\"]}]},{\"@type\":\"ImageObject\",\"inLanguage\":\"es\",\"@id\":\"https:\/\/dara.aragon.es\/dara\/sijena\/maria-del-pilar-samitier-coll-1930-1952\/#primaryimage\",\"url\":\"https:\/\/dara.aragon.es\/dara\/sijena\/wp-content\/uploads\/sites\/5\/2023\/11\/Sigena_1942.png\",\"contentUrl\":\"https:\/\/dara.aragon.es\/dara\/sijena\/wp-content\/uploads\/sites\/5\/2023\/11\/Sigena_1942.png\",\"width\":1025,\"height\":761},{\"@type\":\"BreadcrumbList\",\"@id\":\"https:\/\/dara.aragon.es\/dara\/sijena\/maria-del-pilar-samitier-coll-1930-1952\/#breadcrumb\",\"itemListElement\":[{\"@type\":\"ListItem\",\"position\":1,\"name\":\"Portada\",\"item\":\"https:\/\/dara.aragon.es\/dara\/sijena\/\"},{\"@type\":\"ListItem\",\"position\":2,\"name\":\"Mar\u00eda del Pilar Samitier Coll (1930-1952)\"}]},{\"@type\":\"WebSite\",\"@id\":\"https:\/\/dara.aragon.es\/dara\/sijena\/#website\",\"url\":\"https:\/\/dara.aragon.es\/dara\/sijena\/\",\"name\":\"DARA-Sigena Virtual\",\"description\":\"Sigena\",\"potentialAction\":[{\"@type\":\"SearchAction\",\"target\":{\"@type\":\"EntryPoint\",\"urlTemplate\":\"https:\/\/dara.aragon.es\/dara\/sijena\/?s={search_term_string}\"},\"query-input\":{\"@type\":\"PropertyValueSpecification\",\"valueRequired\":true,\"valueName\":\"search_term_string\"}}],\"inLanguage\":\"es\"}]}<\/script>\n<!-- \/ Yoast SEO plugin. -->","yoast_head_json":{"title":"Mar\u00eda del Pilar Samitier Coll (1930-1952) - DARA-Sigena Virtual","robots":{"index":"index","follow":"follow","max-snippet":"max-snippet:-1","max-image-preview":"max-image-preview:large","max-video-preview":"max-video-preview:-1"},"canonical":"https:\/\/dara.aragon.es\/dara\/sijena\/maria-del-pilar-samitier-coll-1930-1952\/","og_locale":"es_ES","og_type":"article","og_title":"Mar\u00eda del Pilar Samitier Coll (1930-1952) - DARA-Sigena Virtual","og_description":"Fotograf\u00eda realizada por la Comisar\u00eda de zona del Servicio de Defensa del Patrimonio Nacional (1942) (Archivo Hist\u00f3rico Provincial de Zaragoza)Se hizo cargo del priorazgo tras el fallecimiento de Maria Ignacia Perella, en 1930. Originaria de Barbastro (Huesca), fue hija de Manuel Samitier Loriente y M\u00aa Antonia Coll y Corz\u00e1n, perteneciente a una solariega familia de [&hellip;]","og_url":"https:\/\/dara.aragon.es\/dara\/sijena\/maria-del-pilar-samitier-coll-1930-1952\/","og_site_name":"DARA-Sigena Virtual","article_modified_time":"2024-06-06T07:15:46+00:00","og_image":[{"width":1025,"height":761,"url":"https:\/\/dara.aragon.es\/dara\/sijena\/wp-content\/uploads\/sites\/5\/2023\/11\/Sigena_1942.png","type":"image\/png"}],"twitter_card":"summary_large_image","twitter_misc":{"Tiempo de lectura":"6 minutos"},"schema":{"@context":"https:\/\/schema.org","@graph":[{"@type":"WebPage","@id":"https:\/\/dara.aragon.es\/dara\/sijena\/maria-del-pilar-samitier-coll-1930-1952\/","url":"https:\/\/dara.aragon.es\/dara\/sijena\/maria-del-pilar-samitier-coll-1930-1952\/","name":"Mar\u00eda del Pilar Samitier Coll (1930-1952) - DARA-Sigena Virtual","isPartOf":{"@id":"https:\/\/dara.aragon.es\/dara\/sijena\/#website"},"primaryImageOfPage":{"@id":"https:\/\/dara.aragon.es\/dara\/sijena\/maria-del-pilar-samitier-coll-1930-1952\/#primaryimage"},"image":{"@id":"https:\/\/dara.aragon.es\/dara\/sijena\/maria-del-pilar-samitier-coll-1930-1952\/#primaryimage"},"thumbnailUrl":"https:\/\/dara.aragon.es\/dara\/sijena\/wp-content\/uploads\/sites\/5\/2023\/11\/Sigena_1942.png","datePublished":"2023-11-30T10:37:57+00:00","dateModified":"2024-06-06T07:15:46+00:00","breadcrumb":{"@id":"https:\/\/dara.aragon.es\/dara\/sijena\/maria-del-pilar-samitier-coll-1930-1952\/#breadcrumb"},"inLanguage":"es","potentialAction":[{"@type":"ReadAction","target":["https:\/\/dara.aragon.es\/dara\/sijena\/maria-del-pilar-samitier-coll-1930-1952\/"]}]},{"@type":"ImageObject","inLanguage":"es","@id":"https:\/\/dara.aragon.es\/dara\/sijena\/maria-del-pilar-samitier-coll-1930-1952\/#primaryimage","url":"https:\/\/dara.aragon.es\/dara\/sijena\/wp-content\/uploads\/sites\/5\/2023\/11\/Sigena_1942.png","contentUrl":"https:\/\/dara.aragon.es\/dara\/sijena\/wp-content\/uploads\/sites\/5\/2023\/11\/Sigena_1942.png","width":1025,"height":761},{"@type":"BreadcrumbList","@id":"https:\/\/dara.aragon.es\/dara\/sijena\/maria-del-pilar-samitier-coll-1930-1952\/#breadcrumb","itemListElement":[{"@type":"ListItem","position":1,"name":"Portada","item":"https:\/\/dara.aragon.es\/dara\/sijena\/"},{"@type":"ListItem","position":2,"name":"Mar\u00eda del Pilar Samitier Coll (1930-1952)"}]},{"@type":"WebSite","@id":"https:\/\/dara.aragon.es\/dara\/sijena\/#website","url":"https:\/\/dara.aragon.es\/dara\/sijena\/","name":"DARA-Sigena Virtual","description":"Sigena","potentialAction":[{"@type":"SearchAction","target":{"@type":"EntryPoint","urlTemplate":"https:\/\/dara.aragon.es\/dara\/sijena\/?s={search_term_string}"},"query-input":{"@type":"PropertyValueSpecification","valueRequired":true,"valueName":"search_term_string"}}],"inLanguage":"es"}]}},"_links":{"self":[{"href":"https:\/\/dara.aragon.es\/dara\/sijena\/wp-json\/wp\/v2\/pages\/2699","targetHints":{"allow":["GET"]}}],"collection":[{"href":"https:\/\/dara.aragon.es\/dara\/sijena\/wp-json\/wp\/v2\/pages"}],"about":[{"href":"https:\/\/dara.aragon.es\/dara\/sijena\/wp-json\/wp\/v2\/types\/page"}],"author":[{"embeddable":true,"href":"https:\/\/dara.aragon.es\/dara\/sijena\/wp-json\/wp\/v2\/users\/2"}],"replies":[{"embeddable":true,"href":"https:\/\/dara.aragon.es\/dara\/sijena\/wp-json\/wp\/v2\/comments?post=2699"}],"version-history":[{"count":11,"href":"https:\/\/dara.aragon.es\/dara\/sijena\/wp-json\/wp\/v2\/pages\/2699\/revisions"}],"predecessor-version":[{"id":3724,"href":"https:\/\/dara.aragon.es\/dara\/sijena\/wp-json\/wp\/v2\/pages\/2699\/revisions\/3724"}],"wp:featuredmedia":[{"embeddable":true,"href":"https:\/\/dara.aragon.es\/dara\/sijena\/wp-json\/wp\/v2\/media\/2718"}],"wp:attachment":[{"href":"https:\/\/dara.aragon.es\/dara\/sijena\/wp-json\/wp\/v2\/media?parent=2699"}],"curies":[{"name":"wp","href":"https:\/\/api.w.org\/{rel}","templated":true}]}}