{"version":"1.0","provider_name":"DARA GENERAL","provider_url":"https:\/\/dara.aragon.es\/dara","author_name":"Ana Gasc\u00f3n Archivo Universitario de Zaragoza","author_url":"https:\/\/dara.aragon.es\/dara\/blog\/author\/archiunizar\/","title":"El Archivo Universitario en DARA - DARA GENERAL","type":"rich","width":600,"height":338,"html":"<blockquote class=\"wp-embedded-content\" data-secret=\"GOBYqwWV9b\"><a href=\"https:\/\/dara.aragon.es\/dara\/blog\/el-archivo-universitario-en-dara\/\">El Archivo Universitario en DARA<\/a><\/blockquote><iframe sandbox=\"allow-scripts\" security=\"restricted\" src=\"https:\/\/dara.aragon.es\/dara\/blog\/el-archivo-universitario-en-dara\/embed\/#?secret=GOBYqwWV9b\" width=\"600\" height=\"338\" title=\"\u00abEl Archivo Universitario en DARA\u00bb \u2014 DARA GENERAL\" data-secret=\"GOBYqwWV9b\" frameborder=\"0\" marginwidth=\"0\" marginheight=\"0\" scrolling=\"no\" class=\"wp-embedded-content\"><\/iframe><script type=\"text\/javascript\">\n\/* <![CDATA[ *\/\n\/*! This file is auto-generated *\/\n!function(d,l){\"use strict\";l.querySelector&&d.addEventListener&&\"undefined\"!=typeof URL&&(d.wp=d.wp||{},d.wp.receiveEmbedMessage||(d.wp.receiveEmbedMessage=function(e){var t=e.data;if((t||t.secret||t.message||t.value)&&!\/[^a-zA-Z0-9]\/.test(t.secret)){for(var s,r,n,a=l.querySelectorAll('iframe[data-secret=\"'+t.secret+'\"]'),o=l.querySelectorAll('blockquote[data-secret=\"'+t.secret+'\"]'),c=new RegExp(\"^https?:$\",\"i\"),i=0;i<o.length;i++)o[i].style.display=\"none\";for(i=0;i<a.length;i++)s=a[i],e.source===s.contentWindow&&(s.removeAttribute(\"style\"),\"height\"===t.message?(1e3<(r=parseInt(t.value,10))?r=1e3:~~r<200&&(r=200),s.height=r):\"link\"===t.message&&(r=new URL(s.getAttribute(\"src\")),n=new URL(t.value),c.test(n.protocol))&&n.host===r.host&&l.activeElement===s&&(d.top.location.href=t.value))}},d.addEventListener(\"message\",d.wp.receiveEmbedMessage,!1),l.addEventListener(\"DOMContentLoaded\",function(){for(var e,t,s=l.querySelectorAll(\"iframe.wp-embedded-content\"),r=0;r<s.length;r++)(t=(e=s[r]).getAttribute(\"data-secret\"))||(t=Math.random().toString(36).substring(2,12),e.src+=\"#?secret=\"+t,e.setAttribute(\"data-secret\",t)),e.contentWindow.postMessage({message:\"ready\",secret:t},\"*\")},!1)))}(window,document);\n\/\/# sourceURL=https:\/\/dara.aragon.es\/dara\/wp-includes\/js\/wp-embed.min.js\n\/* ]]> *\/\n<\/script>\n","thumbnail_url":"https:\/\/dara.aragon.es\/dara\/wp-content\/uploads\/2017\/03\/Convenio-UNIZAR.jpg","thumbnail_width":640,"thumbnail_height":360,"description":"La consejera de Educaci\u00f3n, Cultura y Deporte del Gobierno de Arag\u00f3n, Mayte P\u00e9rez, y el rector de la Universidad de Zaragoza, Jos\u00e9 Antonio Mayoral, firmaron el d\u00eda 16 de marzo el convenio de colaboraci\u00f3n para la incorporaci\u00f3n del Archivo Universitario al buscador DARA. El fondo del Archivo Universitario,&nbsp; est\u00e1 integrado por la documentaci\u00f3n generada por [&hellip;]"}

Ana Gascón Archivo Universitario de Zaragoza

La consejera de Educación, Cultura y Deporte del Gobierno de Aragón, Mayte Pérez, y el rector de la Universidad de Zaragoza, José Antonio Mayoral, firmaron el día 16 de marzo el convenio de colaboración para la incorporación del Archivo Universitario al buscador DARA. El fondo del Archivo Universitario,&nbsp; está integrado por la documentación generada por [&hellip;]
