{"version":"1.0","provider_name":"DARA GENERAL","provider_url":"https:\/\/dara.aragon.es\/dara","author_name":"Administrador DARA","author_url":"https:\/\/dara.aragon.es\/dara\/blog\/author\/dara-gestion-de-contenidos\/","title":"Las fotos de nuestras abuelas - DARA GENERAL","type":"rich","width":600,"height":338,"html":"<blockquote class=\"wp-embedded-content\" data-secret=\"n0HtCTjUZK\"><a href=\"https:\/\/dara.aragon.es\/dara\/blog\/las-fotos-de-nuestras-abuelas\/\">Las fotos de nuestras abuelas<\/a><\/blockquote><iframe sandbox=\"allow-scripts\" security=\"restricted\" src=\"https:\/\/dara.aragon.es\/dara\/blog\/las-fotos-de-nuestras-abuelas\/embed\/#?secret=n0HtCTjUZK\" width=\"600\" height=\"338\" title=\"\u00abLas fotos de nuestras abuelas\u00bb \u2014 DARA GENERAL\" data-secret=\"n0HtCTjUZK\" frameborder=\"0\" marginwidth=\"0\" marginheight=\"0\" scrolling=\"no\" class=\"wp-embedded-content\"><\/iframe><script type=\"text\/javascript\">\n\/* <![CDATA[ *\/\n\/*! This file is auto-generated *\/\n!function(d,l){\"use strict\";l.querySelector&&d.addEventListener&&\"undefined\"!=typeof URL&&(d.wp=d.wp||{},d.wp.receiveEmbedMessage||(d.wp.receiveEmbedMessage=function(e){var t=e.data;if((t||t.secret||t.message||t.value)&&!\/[^a-zA-Z0-9]\/.test(t.secret)){for(var s,r,n,a=l.querySelectorAll('iframe[data-secret=\"'+t.secret+'\"]'),o=l.querySelectorAll('blockquote[data-secret=\"'+t.secret+'\"]'),c=new RegExp(\"^https?:$\",\"i\"),i=0;i<o.length;i++)o[i].style.display=\"none\";for(i=0;i<a.length;i++)s=a[i],e.source===s.contentWindow&&(s.removeAttribute(\"style\"),\"height\"===t.message?(1e3<(r=parseInt(t.value,10))?r=1e3:~~r<200&&(r=200),s.height=r):\"link\"===t.message&&(r=new URL(s.getAttribute(\"src\")),n=new URL(t.value),c.test(n.protocol))&&n.host===r.host&&l.activeElement===s&&(d.top.location.href=t.value))}},d.addEventListener(\"message\",d.wp.receiveEmbedMessage,!1),l.addEventListener(\"DOMContentLoaded\",function(){for(var e,t,s=l.querySelectorAll(\"iframe.wp-embedded-content\"),r=0;r<s.length;r++)(t=(e=s[r]).getAttribute(\"data-secret\"))||(t=Math.random().toString(36).substring(2,12),e.src+=\"#?secret=\"+t,e.setAttribute(\"data-secret\",t)),e.contentWindow.postMessage({message:\"ready\",secret:t},\"*\")},!1)))}(window,document);\n\/\/# sourceURL=https:\/\/dara.aragon.es\/dara\/wp-includes\/js\/wp-embed.min.js\n\/* ]]> *\/\n<\/script>\n","description":"Los archivos, incluso los de instituciones p\u00fablicas, adem\u00e1s de documentos textuales tambi\u00e9n conservan colecciones de fotograf\u00edas. Un ejemplo muy interesante podemos verlo en el Archivo Hist\u00f3rico Provincial de Teruel.Esta fotograf\u00eda forma parte de un conjunto de m\u00e1s de 600 im\u00e1genes procedentes de la Secci\u00f3n Femenina de Teruel tomadas en distintos puntos de la provincia desde [&hellip;]","thumbnail_url":"https:\/\/2.bp.blogspot.com\/--dcCkt9Om3E\/Vbe72FPRRUI\/AAAAAAAAABQ\/KhAsYhilgmE\/s640\/AHPTE_SF_00025_00001_00001.jpg"}

Los archivos, incluso los de instituciones públicas, además de documentos textuales también conservan colecciones de fotografías. Un ejemplo muy interesante podemos verlo en el Archivo Histórico Provincial de Teruel.Esta fotografía forma parte de un conjunto de más de 600 imágenes procedentes de la Sección Femenina de Teruel tomadas en distintos puntos de la provincia desde [&hellip;]
