{"id":1456,"date":"2022-11-17T08:58:53","date_gmt":"2022-11-17T08:58:53","guid":{"rendered":"https:\/\/dara.aragon.es\/dara\/?page_id=1456"},"modified":"2024-07-22T12:03:22","modified_gmt":"2024-07-22T12:03:22","slug":"ayuntamiento-de-ejea-de-los-caballeros","status":"publish","type":"page","link":"https:\/\/dara.aragon.es\/dara\/ayuntamiento-de-ejea-de-los-caballeros\/","title":{"rendered":"Ayuntamiento de Ejea de los Caballeros"},"content":{"rendered":"<p>[et_pb_section fb_built=\u00bb1&#8243; _builder_version=\u00bb4.19.0&#8243; _module_preset=\u00bbdefault\u00bb global_colors_info=\u00bb{}\u00bb][et_pb_row column_structure=\u00bb1_3,2_3&#8243; _builder_version=\u00bb4.27.0&#8243; _module_preset=\u00bbdefault\u00bb min_height=\u00bb351.6px\u00bb custom_margin=\u00bb0px|auto||auto|false|false\u00bb custom_padding=\u00bb|0px|0px|0px|false|false\u00bb global_colors_info=\u00bb{}\u00bb][et_pb_column type=\u00bb1_3&#8243; _builder_version=\u00bb4.19.0&#8243; _module_preset=\u00bbdefault\u00bb global_colors_info=\u00bb{}\u00bb][et_pb_image src=\u00bbhttps:\/\/dara.aragon.es\/dara\/wp-content\/uploads\/2022\/11\/Ayto-Ejea.png\u00bb alt=\u00bbamejea\u00bb title_text=\u00bbAyto Ejea\u00bb align=\u00bbcenter\u00bb _builder_version=\u00bb4.27.0&#8243; _module_preset=\u00bbdefault\u00bb background_color=\u00bb#F2EEEB\u00bb width=\u00bb100%\u00bb max_width=\u00bb100%\u00bb module_alignment=\u00bbleft\u00bb custom_margin=\u00bb|0px|0px||false|false\u00bb custom_padding=\u00bb0px|0px|||false|false\u00bb global_colors_info=\u00bb{}\u00bb][\/et_pb_image][et_pb_column type=\u00bb1_4&#8243; module_class=\u00bbdfc-archist dfc-zaragoza\u00bb admin_label=\u00bbAHP Zaragoza\u00bb _builder_version=\u00bb4.16&#8243; _module_preset=\u00bbdefault\u00bb background_color=\u00bb#bf3b39&#8243; custom_padding=\u00bb20px|20px|20px|20px|false|false\u00bb locked=\u00bboff\u00bb global_colors_info=\u00bb{}\u00bb][\/et_pb_column][\/et_pb_column][et_pb_column type=\u00bb2_3&#8243; _builder_version=\u00bb4.19.0&#8243; _module_preset=\u00bbdefault\u00bb global_colors_info=\u00bb{}\u00bb][et_pb_text _builder_version=\u00bb4.27.0&#8243; _module_preset=\u00bbdefault\u00bb background_color=\u00bb#FFFFFF\u00bb width=\u00bb90%\u00bb max_width=\u00bb90%\u00bb min_height=\u00bb333.6px\u00bb custom_margin=\u00bb||0px|0px|false|false\u00bb custom_padding=\u00bb0px|0px|0px|0px|false|false\u00bb global_colors_info=\u00bb{}\u00bb]<\/p>\n<h2 style=\"text-align: left;\"><strong>AYUNTAMIENTO DE EJEA DE LOS CABALLEROS<\/strong><\/h2>\n<p>&nbsp;<\/p>\n<p style=\"text-align: justify;\"><span style=\"color: #a6a4a3;\">Conserva los fondos del<a href=\"https:\/\/dara.aragon.es\/opac\/doma\/instLoc-Ejea.jsp\">\u00a0concejo de Ejea de los Caballeros.<\/a><\/span><\/p>\n<p style=\"text-align: justify;\"><span style=\"color: #a6a4a3;\">El archivo municipal conserva una colecci\u00f3n de cerca de dos centenares de pergaminos, en su mayor parte medievales. El m\u00e1s antiguo y conocido es la carta de poblaci\u00f3n otorgada por Alfonso I en 1110. Tambi\u00e9n destacan los privilegios reales, las concordias con pueblos vecinos y la documentaci\u00f3n econ\u00f3mica (censales, \u00e1pocas, reconocimientos de deudas con jud\u00edos&#8230;). Entre el material en papel subsiste un extenso proceso judicial de 1422, pero predomina lo moderno y contempor\u00e1neo.<\/span><\/p>\n<p style=\"font-weight: 400;\"><span style=\"color: #a6a4a3;\"><\/span><\/p>\n<div style=\"text-align: justify;\"><\/div>\n<p>[\/et_pb_text][et_pb_button button_url=\u00bbhttps:\/\/dara.aragon.es\/opac\/app\/simple\/ejea\u00bb button_text=\u00bbIr al buscador\u00bb button_alignment=\u00bbleft\u00bb _builder_version=\u00bb4.27.0&#8243; _module_preset=\u00bbdefault\u00bb button_icon=\u00bb&#x39;||divi||400&#8243; custom_margin=\u00bb0px|0px|17px|0px|false|false\u00bb custom_padding=\u00bb6px|15px||10px|false|false\u00bb animation_style=\u00bbbounce\u00bb global_colors_info=\u00bb{}\u00bb][\/et_pb_button][et_pb_button button_url=\u00bbhttps:\/\/dara.aragon.es\/opac\/app\/results\/ejea?ar=49&#8243; button_text=\u00bbConsultar todo el fondo\u00bb button_alignment=\u00bbleft\u00bb _builder_version=\u00bb4.27.0&#8243; _module_preset=\u00bbdefault\u00bb button_icon=\u00bb&#xe02f;||divi||400&#8243; custom_margin=\u00bb0px|0px||0px|false|false\u00bb custom_padding=\u00bb|15px||10px|false|false\u00bb animation_style=\u00bbbounce\u00bb global_colors_info=\u00bb{}\u00bb][\/et_pb_button][et_pb_divider show_divider=\u00bboff\u00bb _builder_version=\u00bb4.27.0&#8243; _module_preset=\u00bbdefault\u00bb global_colors_info=\u00bb{}\u00bb][\/et_pb_divider][\/et_pb_column][\/et_pb_row][et_pb_row column_structure=\u00bb1_3,2_3&#8243; _builder_version=\u00bb4.27.0&#8243; _module_preset=\u00bbdefault\u00bb min_height=\u00bb567.8px\u00bb custom_margin=\u00bb0px|auto||auto|false|false\u00bb custom_padding=\u00bb|0px||||\u00bb global_colors_info=\u00bb{}\u00bb][et_pb_column type=\u00bb1_3&#8243; _builder_version=\u00bb4.19.0&#8243; _module_preset=\u00bbdefault\u00bb global_colors_info=\u00bb{}\u00bb][et_pb_image src=\u00bbhttps:\/\/dara.aragon.es\/dara\/wp-content\/uploads\/2024\/01\/Mapa-Ejea-de-los-Caballeros-DEF.png\u00bb title_text=\u00bbMapa Ejea de los Caballeros DEF\u00bb url=\u00bbhttps:\/\/maps.app.goo.gl\/s1uCJE3h1G1FEDKL7&#8243; show_bottom_space=\u00bboff\u00bb _builder_version=\u00bb4.27.0&#8243; _module_preset=\u00bbdefault\u00bb width=\u00bb80%\u00bb max_width=\u00bb80%\u00bb custom_margin=\u00bb0px||||false|false\u00bb custom_padding=\u00bb|0px|||false|false\u00bb hover_enabled=\u00bb0&#8243; global_colors_info=\u00bb{}\u00bb url_new_window=\u00bbon\u00bb sticky_enabled=\u00bb0&#8243;][\/et_pb_image][et_pb_text _builder_version=\u00bb4.27.0&#8243; _module_preset=\u00bbdefault\u00bb width=\u00bb77.4%\u00bb max_width=\u00bb75%\u00bb module_alignment=\u00bbleft\u00bb min_height=\u00bb258px\u00bb height=\u00bb339px\u00bb max_height=\u00bb273px\u00bb custom_margin=\u00bb|0px|0px||false|false\u00bb custom_padding=\u00bb|0px|0px|||\u00bb global_colors_info=\u00bb{}\u00bb]<\/p>\n<p><strong><\/strong><\/p>\n<p><strong><\/strong><\/p>\n<p><strong><\/strong><\/p>\n<p><strong>Ayuntamiento de Ejea de los Caballeros<\/strong><\/p>\n<p><strong>Direcci\u00f3n:<\/strong> Avenida Cosculluela, 1<\/p>\n<p>50600 Ejea de los Caballeros (Zaragoza)<\/p>\n<p><strong>Tel\u00e9fono de contacto:<\/strong><\/p>\n<p><a href=\"tel:(34)%20976%20677%20474\">(34) 976 677 474<\/a><strong>\u00a0<\/strong><\/p>\n<p><strong>E-mail:<\/strong><br \/><a href=\"mailto:archivo@aytoejea.es\">archivo@aytoejea.es<\/a><\/p>\n<p><a href=\"https:\/\/www.ejea.es\/\"><strong>Sitio web del Ayuntamiento\u00a0<\/strong><\/a><\/p>\n<p>[\/et_pb_text][et_pb_social_media_follow _builder_version=\u00bb4.27.0&#8243; _module_preset=\u00bbdefault\u00bb custom_padding=\u00bb81px||||false|false\u00bb global_colors_info=\u00bb{}\u00bb][et_pb_social_media_follow_network social_network=\u00bbfacebook\u00bb url=\u00bbhttps:\/\/www.facebook.com\/aytoejea\u00bb _builder_version=\u00bb4.20.2&#8243; _module_preset=\u00bbdefault\u00bb background_color=\u00bb#3b5998&#8243; global_colors_info=\u00bb{}\u00bb follow_button=\u00bboff\u00bb url_new_window=\u00bbon\u00bb]facebook[\/et_pb_social_media_follow_network][et_pb_social_media_follow_network social_network=\u00bbtwitter\u00bb url=\u00bbhttps:\/\/twitter.com\/aytoejea\u00bb _builder_version=\u00bb4.22.2&#8243; _module_preset=\u00bbdefault\u00bb background_color=\u00bb#000000&#8243; global_colors_info=\u00bb{}\u00bb follow_button=\u00bboff\u00bb url_new_window=\u00bbon\u00bb]twitter[\/et_pb_social_media_follow_network][et_pb_social_media_follow_network social_network=\u00bbinstagram\u00bb url=\u00bbhttps:\/\/www.instagram.com\/ejea_de_los_caballeros\/\u00bb _builder_version=\u00bb4.20.2&#8243; _module_preset=\u00bbdefault\u00bb background_color=\u00bb#ea2c59&#8243; global_colors_info=\u00bb{}\u00bb follow_button=\u00bboff\u00bb url_new_window=\u00bbon\u00bb]instagram[\/et_pb_social_media_follow_network][\/et_pb_social_media_follow][et_pb_column type=\u00bb1_4&#8243; module_class=\u00bbdfc-archist dfc-zaragoza\u00bb admin_label=\u00bbAHP Zaragoza\u00bb _builder_version=\u00bb4.16&#8243; _module_preset=\u00bbdefault\u00bb background_color=\u00bb#bf3b39&#8243; custom_padding=\u00bb20px|20px|20px|20px|false|false\u00bb locked=\u00bboff\u00bb global_colors_info=\u00bb{}\u00bb][\/et_pb_column][\/et_pb_column][et_pb_column type=\u00bb2_3&#8243; _builder_version=\u00bb4.19.0&#8243; _module_preset=\u00bbdefault\u00bb global_colors_info=\u00bb{}\u00bb][et_pb_tabs _builder_version=\u00bb4.27.0&#8243; _module_preset=\u00bbdefault\u00bb width=\u00bb90%\u00bb max_width=\u00bb90%\u00bb min_height=\u00bb452.1px\u00bb custom_margin=\u00bb0px|0px|0px|0px|false|false\u00bb custom_padding=\u00bb0px|15px||32px|false|false\u00bb global_colors_info=\u00bb{}\u00bb][et_pb_tab title=\u00bbDESTACADOS\u00bb _builder_version=\u00bb4.27.0&#8243; _module_preset=\u00bbdefault\u00bb global_colors_info=\u00bb{}\u00bb]<\/p>\n<p>&nbsp;<\/p>\n<ul>\n<li><a href=\"http:\/\/dara.aragon.es\/opac\/app\/results\/doma?al=6,7,8&amp;ob=df:1&amp;sr=1&amp;ft=descriptor:Privilegios+reales&amp;st=.349998.697752.694256\">Privilegios reales<\/a><\/li>\n<li><a href=\"http:\/\/dara.aragon.es\/opac\/app\/results\/doma?al=6,7,8&amp;ob=df:1&amp;sr=1&amp;ft=descriptor:Jud%C3%ADos&amp;ft=descriptor:Comandas&amp;st=.349998.697752.694256\">Reconocimientos de deuda con jud\u00edos<\/a><\/li>\n<li><a href=\"http:\/\/dara.aragon.es\/opac\/app\/results\/doma?al=6,7,8&amp;ob=df:1&amp;sr=1&amp;ft=descriptor:Riegos&amp;st=.349998.697752.694256\">Pleitos sobre riegos<\/a><\/li>\n<li><a href=\"http:\/\/dara.aragon.es\/opac\/app\/results\/doma?al=6,7,8&amp;ob=df:1&amp;sr=1&amp;ft=institution:Casa+de+Ganaderos+de+Ejea+de+los+Caballeros&amp;st=.349998.697752.694256\">Casa de Ganaderos de Ejea<\/a><\/li>\n<\/ul>\n<p>[\/et_pb_tab][et_pb_tab title=\u00bbM\u00c1S INFORMACI\u00d3N\u00bb _builder_version=\u00bb4.27.0&#8243; _module_preset=\u00bbdefault\u00bb global_colors_info=\u00bb{}\u00bb]<\/p>\n<div class=\"detail\">\n<p style=\"text-align: justify;\">\n<p style=\"text-align: justify;\">Mar\u00eda del Mar Romero Agudo y Ana Isabel Lape\u00f1a Pa\u00fal,\u00a0<em>Joyas del Patrimonio Documental de la Villa de Ejea de los Caballeros<\/em>, Zaragoza, Diputaci\u00f3n Provincial de Zaragoza, 2005.<\/p>\n<p style=\"text-align: justify;\">Ricardo Centellas (coord.),\u00a0<em>Idea de Exea: novecientos a\u00f1os de historia de la Villa de Ejea de los Caballeros<\/em>, Zaragoza, Ayuntamiento de Ejea de los Caballeros \/ Diputaci\u00f3n Provincial de Zaragoza, 2005.<\/p>\n<\/div>\n<p>[\/et_pb_tab][\/et_pb_tabs][\/et_pb_column][\/et_pb_row][\/et_pb_section]<\/p>\n","protected":false},"excerpt":{"rendered":"<p>AYUNTAMIENTO DE EJEA DE LOS CABALLEROS &nbsp; Conserva los fondos del\u00a0concejo de Ejea de los Caballeros. El archivo municipal conserva una colecci\u00f3n de cerca de dos centenares de pergaminos, en su mayor parte medievales. El m\u00e1s antiguo y conocido es la carta de poblaci\u00f3n otorgada por Alfonso I en 1110. Tambi\u00e9n destacan los privilegios reales, [&hellip;]<\/p>\n","protected":false},"author":1,"featured_media":1459,"parent":0,"menu_order":0,"comment_status":"closed","ping_status":"closed","template":"","meta":{"_et_pb_use_builder":"on","_et_pb_old_content":"","_et_gb_content_width":"","om_disable_all_campaigns":false,"_monsterinsights_skip_tracking":false,"_monsterinsights_sitenote_active":false,"_monsterinsights_sitenote_note":"","_monsterinsights_sitenote_category":0,"_uf_show_specific_survey":0,"_uf_disable_surveys":false,"footnotes":""},"class_list":["post-1456","page","type-page","status-publish","has-post-thumbnail","hentry"],"yoast_head":"<!-- This site is optimized with the Yoast SEO plugin v26.2 - https:\/\/yoast.com\/wordpress\/plugins\/seo\/ -->\n<title>Ayuntamiento de Ejea de los Caballeros - DARA GENERAL<\/title>\n<meta name=\"robots\" content=\"index, follow, max-snippet:-1, max-image-preview:large, max-video-preview:-1\" \/>\n<link rel=\"canonical\" href=\"https:\/\/dara.aragon.es\/dara\/ayuntamiento-de-ejea-de-los-caballeros\/\" \/>\n<meta property=\"og:locale\" content=\"es_ES\" \/>\n<meta property=\"og:type\" content=\"article\" \/>\n<meta property=\"og:title\" content=\"Ayuntamiento de Ejea de los Caballeros - DARA GENERAL\" \/>\n<meta property=\"og:description\" content=\"AYUNTAMIENTO DE EJEA DE LOS CABALLEROS &nbsp; Conserva los fondos del\u00a0concejo de Ejea de los Caballeros. El archivo municipal conserva una colecci\u00f3n de cerca de dos centenares de pergaminos, en su mayor parte medievales. El m\u00e1s antiguo y conocido es la carta de poblaci\u00f3n otorgada por Alfonso I en 1110. Tambi\u00e9n destacan los privilegios reales, [&hellip;]\" \/>\n<meta property=\"og:url\" content=\"https:\/\/dara.aragon.es\/dara\/ayuntamiento-de-ejea-de-los-caballeros\/\" \/>\n<meta property=\"og:site_name\" content=\"DARA GENERAL\" \/>\n<meta property=\"article:modified_time\" content=\"2024-07-22T12:03:22+00:00\" \/>\n<meta property=\"og:image\" content=\"https:\/\/dara.aragon.es\/dara\/wp-content\/uploads\/2022\/11\/Ayto-Ejea.png\" \/>\n\t<meta property=\"og:image:width\" content=\"426\" \/>\n\t<meta property=\"og:image:height\" content=\"426\" \/>\n\t<meta property=\"og:image:type\" content=\"image\/png\" \/>\n<meta name=\"twitter:card\" content=\"summary_large_image\" \/>\n<meta name=\"twitter:label1\" content=\"Tiempo de lectura\" \/>\n\t<meta name=\"twitter:data1\" content=\"5 minutos\" \/>\n<script type=\"application\/ld+json\" class=\"yoast-schema-graph\">{\"@context\":\"https:\/\/schema.org\",\"@graph\":[{\"@type\":\"WebPage\",\"@id\":\"https:\/\/dara.aragon.es\/dara\/ayuntamiento-de-ejea-de-los-caballeros\/\",\"url\":\"https:\/\/dara.aragon.es\/dara\/ayuntamiento-de-ejea-de-los-caballeros\/\",\"name\":\"Ayuntamiento de Ejea de los Caballeros - DARA GENERAL\",\"isPartOf\":{\"@id\":\"https:\/\/dara.aragon.es\/dara\/#website\"},\"primaryImageOfPage\":{\"@id\":\"https:\/\/dara.aragon.es\/dara\/ayuntamiento-de-ejea-de-los-caballeros\/#primaryimage\"},\"image\":{\"@id\":\"https:\/\/dara.aragon.es\/dara\/ayuntamiento-de-ejea-de-los-caballeros\/#primaryimage\"},\"thumbnailUrl\":\"https:\/\/dara.aragon.es\/dara\/wp-content\/uploads\/2022\/11\/Ayto-Ejea.png\",\"datePublished\":\"2022-11-17T08:58:53+00:00\",\"dateModified\":\"2024-07-22T12:03:22+00:00\",\"breadcrumb\":{\"@id\":\"https:\/\/dara.aragon.es\/dara\/ayuntamiento-de-ejea-de-los-caballeros\/#breadcrumb\"},\"inLanguage\":\"es\",\"potentialAction\":[{\"@type\":\"ReadAction\",\"target\":[\"https:\/\/dara.aragon.es\/dara\/ayuntamiento-de-ejea-de-los-caballeros\/\"]}]},{\"@type\":\"ImageObject\",\"inLanguage\":\"es\",\"@id\":\"https:\/\/dara.aragon.es\/dara\/ayuntamiento-de-ejea-de-los-caballeros\/#primaryimage\",\"url\":\"https:\/\/dara.aragon.es\/dara\/wp-content\/uploads\/2022\/11\/Ayto-Ejea.png\",\"contentUrl\":\"https:\/\/dara.aragon.es\/dara\/wp-content\/uploads\/2022\/11\/Ayto-Ejea.png\",\"width\":426,\"height\":426,\"caption\":\"amejea\"},{\"@type\":\"BreadcrumbList\",\"@id\":\"https:\/\/dara.aragon.es\/dara\/ayuntamiento-de-ejea-de-los-caballeros\/#breadcrumb\",\"itemListElement\":[{\"@type\":\"ListItem\",\"position\":1,\"name\":\"Portada\",\"item\":\"https:\/\/dara.aragon.es\/dara\/\"},{\"@type\":\"ListItem\",\"position\":2,\"name\":\"Ayuntamiento de Ejea de los Caballeros\"}]},{\"@type\":\"WebSite\",\"@id\":\"https:\/\/dara.aragon.es\/dara\/#website\",\"url\":\"https:\/\/dara.aragon.es\/dara\/\",\"name\":\"DARA GENERAL\",\"description\":\"Documentos y archivos de Arag\u00f3n\",\"potentialAction\":[{\"@type\":\"SearchAction\",\"target\":{\"@type\":\"EntryPoint\",\"urlTemplate\":\"https:\/\/dara.aragon.es\/dara\/?s={search_term_string}\"},\"query-input\":{\"@type\":\"PropertyValueSpecification\",\"valueRequired\":true,\"valueName\":\"search_term_string\"}}],\"inLanguage\":\"es\"}]}<\/script>\n<!-- \/ Yoast SEO plugin. -->","yoast_head_json":{"title":"Ayuntamiento de Ejea de los Caballeros - DARA GENERAL","robots":{"index":"index","follow":"follow","max-snippet":"max-snippet:-1","max-image-preview":"max-image-preview:large","max-video-preview":"max-video-preview:-1"},"canonical":"https:\/\/dara.aragon.es\/dara\/ayuntamiento-de-ejea-de-los-caballeros\/","og_locale":"es_ES","og_type":"article","og_title":"Ayuntamiento de Ejea de los Caballeros - DARA GENERAL","og_description":"AYUNTAMIENTO DE EJEA DE LOS CABALLEROS &nbsp; Conserva los fondos del\u00a0concejo de Ejea de los Caballeros. El archivo municipal conserva una colecci\u00f3n de cerca de dos centenares de pergaminos, en su mayor parte medievales. El m\u00e1s antiguo y conocido es la carta de poblaci\u00f3n otorgada por Alfonso I en 1110. Tambi\u00e9n destacan los privilegios reales, [&hellip;]","og_url":"https:\/\/dara.aragon.es\/dara\/ayuntamiento-de-ejea-de-los-caballeros\/","og_site_name":"DARA GENERAL","article_modified_time":"2024-07-22T12:03:22+00:00","og_image":[{"width":426,"height":426,"url":"https:\/\/dara.aragon.es\/dara\/wp-content\/uploads\/2022\/11\/Ayto-Ejea.png","type":"image\/png"}],"twitter_card":"summary_large_image","twitter_misc":{"Tiempo de lectura":"5 minutos"},"schema":{"@context":"https:\/\/schema.org","@graph":[{"@type":"WebPage","@id":"https:\/\/dara.aragon.es\/dara\/ayuntamiento-de-ejea-de-los-caballeros\/","url":"https:\/\/dara.aragon.es\/dara\/ayuntamiento-de-ejea-de-los-caballeros\/","name":"Ayuntamiento de Ejea de los Caballeros - DARA GENERAL","isPartOf":{"@id":"https:\/\/dara.aragon.es\/dara\/#website"},"primaryImageOfPage":{"@id":"https:\/\/dara.aragon.es\/dara\/ayuntamiento-de-ejea-de-los-caballeros\/#primaryimage"},"image":{"@id":"https:\/\/dara.aragon.es\/dara\/ayuntamiento-de-ejea-de-los-caballeros\/#primaryimage"},"thumbnailUrl":"https:\/\/dara.aragon.es\/dara\/wp-content\/uploads\/2022\/11\/Ayto-Ejea.png","datePublished":"2022-11-17T08:58:53+00:00","dateModified":"2024-07-22T12:03:22+00:00","breadcrumb":{"@id":"https:\/\/dara.aragon.es\/dara\/ayuntamiento-de-ejea-de-los-caballeros\/#breadcrumb"},"inLanguage":"es","potentialAction":[{"@type":"ReadAction","target":["https:\/\/dara.aragon.es\/dara\/ayuntamiento-de-ejea-de-los-caballeros\/"]}]},{"@type":"ImageObject","inLanguage":"es","@id":"https:\/\/dara.aragon.es\/dara\/ayuntamiento-de-ejea-de-los-caballeros\/#primaryimage","url":"https:\/\/dara.aragon.es\/dara\/wp-content\/uploads\/2022\/11\/Ayto-Ejea.png","contentUrl":"https:\/\/dara.aragon.es\/dara\/wp-content\/uploads\/2022\/11\/Ayto-Ejea.png","width":426,"height":426,"caption":"amejea"},{"@type":"BreadcrumbList","@id":"https:\/\/dara.aragon.es\/dara\/ayuntamiento-de-ejea-de-los-caballeros\/#breadcrumb","itemListElement":[{"@type":"ListItem","position":1,"name":"Portada","item":"https:\/\/dara.aragon.es\/dara\/"},{"@type":"ListItem","position":2,"name":"Ayuntamiento de Ejea de los Caballeros"}]},{"@type":"WebSite","@id":"https:\/\/dara.aragon.es\/dara\/#website","url":"https:\/\/dara.aragon.es\/dara\/","name":"DARA GENERAL","description":"Documentos y archivos de Arag\u00f3n","potentialAction":[{"@type":"SearchAction","target":{"@type":"EntryPoint","urlTemplate":"https:\/\/dara.aragon.es\/dara\/?s={search_term_string}"},"query-input":{"@type":"PropertyValueSpecification","valueRequired":true,"valueName":"search_term_string"}}],"inLanguage":"es"}]}},"_links":{"self":[{"href":"https:\/\/dara.aragon.es\/dara\/wp-json\/wp\/v2\/pages\/1456","targetHints":{"allow":["GET"]}}],"collection":[{"href":"https:\/\/dara.aragon.es\/dara\/wp-json\/wp\/v2\/pages"}],"about":[{"href":"https:\/\/dara.aragon.es\/dara\/wp-json\/wp\/v2\/types\/page"}],"author":[{"embeddable":true,"href":"https:\/\/dara.aragon.es\/dara\/wp-json\/wp\/v2\/users\/1"}],"replies":[{"embeddable":true,"href":"https:\/\/dara.aragon.es\/dara\/wp-json\/wp\/v2\/comments?post=1456"}],"version-history":[{"count":0,"href":"https:\/\/dara.aragon.es\/dara\/wp-json\/wp\/v2\/pages\/1456\/revisions"}],"wp:featuredmedia":[{"embeddable":true,"href":"https:\/\/dara.aragon.es\/dara\/wp-json\/wp\/v2\/media\/1459"}],"wp:attachment":[{"href":"https:\/\/dara.aragon.es\/dara\/wp-json\/wp\/v2\/media?parent=1456"}],"curies":[{"name":"wp","href":"https:\/\/api.w.org\/{rel}","templated":true}]}}