{"id":4460,"date":"2024-07-15T06:42:28","date_gmt":"2024-07-15T06:42:28","guid":{"rendered":"https:\/\/dara.aragon.es\/dara\/?page_id=4460"},"modified":"2024-07-19T07:34:52","modified_gmt":"2024-07-19T07:34:52","slug":"comarca-andorra-sierra-de-arcos","status":"publish","type":"page","link":"https:\/\/dara.aragon.es\/dara\/comarca-andorra-sierra-de-arcos\/","title":{"rendered":"Comarca Andorra Sierra de Arcos"},"content":{"rendered":"<p>[et_pb_section fb_built=\u00bb1&#8243; _builder_version=\u00bb4.19.0&#8243; _module_preset=\u00bbdefault\u00bb global_colors_info=\u00bb{}\u00bb][et_pb_row column_structure=\u00bb2_5,3_5&#8243; _builder_version=\u00bb4.27.0&#8243; _module_preset=\u00bbdefault\u00bb min_height=\u00bb351.6px\u00bb custom_margin=\u00bb0px|auto|0px|auto|false|false\u00bb custom_padding=\u00bb|0px|0px|0px|false|false\u00bb hover_enabled=\u00bb0&#8243; global_colors_info=\u00bb{}\u00bb sticky_enabled=\u00bb0&#8243;][et_pb_column type=\u00bb2_5&#8243; _builder_version=\u00bb4.19.0&#8243; _module_preset=\u00bbdefault\u00bb global_colors_info=\u00bb{}\u00bb][et_pb_image src=\u00bbhttps:\/\/dara.aragon.es\/dara\/wp-content\/uploads\/2024\/07\/Comarca-Andorra-Sierra-de-Arcos-DEFI.jpg\u00bb alt=\u00bbAM de La Cuba\u00bb title_text=\u00bbComarca-Andorra-Sierra-de-Arcos DEFI\u00bb align=\u00bbcenter\u00bb _builder_version=\u00bb4.27.0&#8243; _module_preset=\u00bbdefault\u00bb min_height=\u00bb297px\u00bb custom_padding=\u00bb0px|0px|0px|0px|false|false\u00bb hover_enabled=\u00bb0&#8243; global_colors_info=\u00bb{}\u00bb sticky_enabled=\u00bb0&#8243; width=\u00bb87%\u00bb custom_margin=\u00bb||22px|||\u00bb][\/et_pb_image][\/et_pb_column][et_pb_column type=\u00bb3_5&#8243; _builder_version=\u00bb4.19.0&#8243; _module_preset=\u00bbdefault\u00bb global_colors_info=\u00bb{}\u00bb][et_pb_text _builder_version=\u00bb4.26.1&#8243; _module_preset=\u00bbdefault\u00bb background_color=\u00bb#FFFFFF\u00bb width=\u00bb100%\u00bb min_height=\u00bb276.6px\u00bb custom_margin=\u00bb|0px||0px|false|true\u00bb custom_padding=\u00bb0px|0px|0px|0px|false|false\u00bb global_colors_info=\u00bb{}\u00bb]<\/p>\n<h2 style=\"text-align: justify;\">COMARCA ANDORRA SIERRA DE ARCOS<\/h2>\n<div style=\"text-align: justify;\">\n<p style=\"font-weight: 400;\">La Comarca Alto G\u00e1llego fue creada por la Ley 11\/2002, de 14 de mayo, de Creaci\u00f3n de la Comarca de Andorra-Sierra de Arcos con fecha <span>10 de septiembre de 2002<\/span>. Est\u00e1 integrada por los municipios de B<span>Alac\u00f3n, Alloza, Andorra, Ari\u00f1o, Crivill\u00e9n, Ejulve, Estercuel, Gargallo y Oliete<\/span>. Tiene su capitalidad en Andorra, donde radica la sede oficial de sus \u00f3rganos de gobierno y oficinas.<span><\/span><\/p>\n<p style=\"font-weight: 400;\"><span>En diciembre de 2005 la comarca Andorra-Sierra de Arcos firm\u00f3 un convenio con Endesa Generaci\u00f3n y la Fundaci\u00f3n Endesa por el cual Endesa ced\u00eda de manera indefinida a la comarca el uso de la documentaci\u00f3n integrante de su archivo en la zona y la comarca se hac\u00eda cargo de su conservaci\u00f3n y custodia.\u00a0 Actualmente este se custodia en\u00a0 el<a href=\"http:\/\/www.dara-aragon.es\/dara\/archivos\/73\/Museo\/Minero\/de\/Andorra-Sierra\/de\/Arcos.html\" target=\"_blank\" rel=\"noopener\"> MUSEO MINERO DE ANDORRA-SIERRA DE ARCOS.<\/a><\/span><\/p>\n<p style=\"font-weight: 400;\"><span>En la actualidad, el Gobierno de Arag\u00f3n est\u00e1 tramitando el convenio de colaboraci\u00f3n con la Comarca para la publicaci\u00f3n de las fichas de descripci\u00f3n en el buscador de DARA.<\/span><\/p>\n<\/div>\n<p>[\/et_pb_text][et_pb_divider divider_style=\u00bbnone\u00bb _builder_version=\u00bb4.20.2&#8243; _module_preset=\u00bbdefault\u00bb min_height=\u00bb20.8px\u00bb custom_margin=\u00bb4px||1px|||\u00bb custom_padding=\u00bb0px|104px||0px||\u00bb link_option_url=\u00bbhttps:\/\/dara.aragon.es\/opac\/app\/simple\/coma\u00bb global_colors_info=\u00bb{}\u00bb][\/et_pb_divider][et_pb_divider _builder_version=\u00bb4.27.0&#8243; _module_preset=\u00bbdefault\u00bb show_divider=\u00bboff\u00bb hover_enabled=\u00bb0&#8243; sticky_enabled=\u00bb0&#8243;][\/et_pb_divider][\/et_pb_column][\/et_pb_row][et_pb_row column_structure=\u00bb2_5,3_5&#8243; _builder_version=\u00bb4.27.0&#8243; _module_preset=\u00bbdefault\u00bb width=\u00bb89%\u00bb max_width=\u00bb1555px\u00bb min_height=\u00bb948px\u00bb height=\u00bb933px\u00bb max_height=\u00bb948px\u00bb custom_margin=\u00bb0px|auto|0px|auto|true|false\u00bb hover_enabled=\u00bb0&#8243; global_colors_info=\u00bb{}\u00bb sticky_enabled=\u00bb0&#8243;][et_pb_column type=\u00bb2_5&#8243; _builder_version=\u00bb4.19.0&#8243; _module_preset=\u00bbdefault\u00bb link_option_url=\u00bbhttps:\/\/goo.gl\/maps\/Kto9GfmAC6aNm15AA\u00bb global_colors_info=\u00bb{}\u00bb][et_pb_image src=\u00bbhttps:\/\/dara.aragon.es\/dara\/wp-content\/uploads\/2024\/07\/Mapa-Comarca-Andorra-Sierra-de-Arcos-DEF.png\u00bb alt=\u00bbAM Cantavieja\u00bb title_text=\u00bbMapa Comarca Andorra Sierra de Arcos DEF\u00bb url=\u00bbhttps:\/\/maps.app.goo.gl\/9FCys6sk7C7adqBW8&#8243; _builder_version=\u00bb4.27.0&#8243; _module_preset=\u00bbdefault\u00bb width=\u00bb80%\u00bb min_height=\u00bb174.9px\u00bb custom_margin=\u00bb0px|0px|||false|false\u00bb custom_padding=\u00bb0px|0px|0px|0px|false|false\u00bb global_colors_info=\u00bb{}\u00bb][\/et_pb_image][et_pb_text _builder_version=\u00bb4.27.0&#8243; _module_preset=\u00bbdefault\u00bb width=\u00bb79.9%\u00bb custom_margin=\u00bb0px|0px|10px|0px|false|false\u00bb custom_padding=\u00bb0px|||0px|false|false\u00bb global_colors_info=\u00bb{}\u00bb]<\/p>\n<div>\n<p>&nbsp;<\/p>\n<\/div>\n<div><strong>Comarca Andorra Sierra de Arcos<\/strong><br \/><strong><\/strong><a href=\"https:\/\/www.comarcaaltogallego.es\/\"><\/a><\/div>\n<div><strong>Direcci\u00f3n:<\/strong><\/div>\n<div>C\/ Candela 2, Andorra (Teruel) 44500<strong><br \/>E-mail:<\/strong> comarca@andorrasierradearcos.com<strong><br \/>Tel\u00e9fono<\/strong>: 978 844 336<\/div>\n<div><a href=\"https:\/\/andorrasierradearcos.com\/\" target=\"_blank\" rel=\"noopener\">Sitio web Comarca<\/a><\/div>\n<p>[\/et_pb_text][et_pb_social_media_follow _builder_version=\u00bb4.27.0&#8243; _module_preset=\u00bbdefault\u00bb custom_margin=\u00bb0px|||0px|false|false\u00bb custom_padding=\u00bb0px|||0px||\u00bb global_colors_info=\u00bb{}\u00bb][et_pb_social_media_follow_network social_network=\u00bbfacebook\u00bb url=\u00bbhttps:\/\/www.facebook.com\/AndorraComarcaViva\u00bb _builder_version=\u00bb4.26.1&#8243; _module_preset=\u00bbdefault\u00bb background_color=\u00bb#3b5998&#8243; global_colors_info=\u00bb{}\u00bb follow_button=\u00bboff\u00bb url_new_window=\u00bbon\u00bb]facebook[\/et_pb_social_media_follow_network][et_pb_social_media_follow_network social_network=\u00bbinstagram\u00bb url=\u00bbhttps:\/\/www.instagram.com\/explore\/tags\/comarcaandorrasierradearcos\/\u00bb _builder_version=\u00bb4.26.1&#8243; _module_preset=\u00bbdefault\u00bb background_color=\u00bb#ea2c59&#8243; global_colors_info=\u00bb{}\u00bb follow_button=\u00bboff\u00bb url_new_window=\u00bbon\u00bb]instagram[\/et_pb_social_media_follow_network][\/et_pb_social_media_follow][et_pb_text _builder_version=\u00bb4.19.2&#8243; _module_preset=\u00bbdefault\u00bb global_colors_info=\u00bb{}\u00bb][\/et_pb_text][\/et_pb_column][et_pb_column type=\u00bb3_5&#8243; _builder_version=\u00bb4.19.1&#8243; _module_preset=\u00bbdefault\u00bb global_colors_info=\u00bb{}\u00bb][et_pb_button button_url=\u00bbhttps:\/\/dara.aragon.es\/opac\/app\/simple\/cag\u00bb url_new_window=\u00bbon\u00bb button_text=\u00bbIr al buscador\u00bb button_alignment=\u00bbleft\u00bb _builder_version=\u00bb4.27.0&#8243; _module_preset=\u00bbdefault\u00bb button_icon=\u00bb&#x39;||divi||400&#8243; custom_margin=\u00bb0px|0px|11px|0px|false|false\u00bb custom_padding=\u00bb0px|16px|0px|10px|false|false\u00bb animation_style=\u00bbbounce\u00bb global_colors_info=\u00bb{}\u00bb][\/et_pb_button][et_pb_button button_url=\u00bbhttps:\/\/dara.aragon.es\/opac\/app\/results\/mman?ar=72&#8243; url_new_window=\u00bbon\u00bb button_text=\u00bbConsultar todo el fondo\u00bb button_alignment=\u00bbleft\u00bb _builder_version=\u00bb4.27.0&#8243; _module_preset=\u00bbdefault\u00bb button_icon=\u00bb&#xe02f;||divi||400&#8243; custom_margin=\u00bb0px|0px|0px|0px|false|false\u00bb custom_padding=\u00bb0px|15px|0px|10px|false|false\u00bb animation_style=\u00bbbounce\u00bb global_colors_info=\u00bb{}\u00bb][\/et_pb_button][et_pb_divider show_divider=\u00bboff\u00bb _builder_version=\u00bb4.26.1&#8243; _module_preset=\u00bbdefault\u00bb global_colors_info=\u00bb{}\u00bb][\/et_pb_divider][et_pb_tabs _builder_version=\u00bb4.27.0&#8243; _module_preset=\u00bbdefault\u00bb width=\u00bb91.7%\u00bb min_height=\u00bb438.4px\u00bb custom_margin=\u00bb0px|0px|8px|0px|false|false\u00bb custom_padding=\u00bb|0px||35px|false|false\u00bb global_colors_info=\u00bb{}\u00bb][et_pb_tab title=\u00bbARCHIVO\u00bb _builder_version=\u00bb4.20.2&#8243; _module_preset=\u00bbdefault\u00bb global_colors_info=\u00bb{}\u00bb]<\/p>\n<p>&nbsp;<\/p>\n<ul>\n<li><a class=\"mod-articles-category-title \" href=\"https:\/\/www.museomineroandorra.com\/eventos\/826-apertura-del-museo-minero-mwinas-temporada-2024\">MUSEO MINERO MWINAS:<span> Museo Minero de Andorra<\/span><\/a><\/li>\n<\/ul>\n<p>[\/et_pb_tab][et_pb_tab title=\u00bbM\u00c1S DE INFORMACI\u00d3N\u00bb _builder_version=\u00bb4.20.2&#8243; _module_preset=\u00bbdefault\u00bb global_colors_info=\u00bb{}\u00bb]<\/p>\n<p><a href=\"https:\/\/www.google.com\/maps\/d\/u\/0\/viewer?mid=1MCFokJO0Dc4s1HiyIEnBQaB3KJTgr9mT&amp;ll=42.564605343016936%2C-0.384346562705411&amp;z=10\">Localizaci\u00f3n geogr\u00e1fica de archivos y documentos en DARA<\/a><span>\u00a0<\/span><\/p>\n<p>&nbsp;<\/p>\n<p>[\/et_pb_tab][\/et_pb_tabs][\/et_pb_column][\/et_pb_row][\/et_pb_section]<\/p>\n","protected":false},"excerpt":{"rendered":"<p>COMARCA ANDORRA SIERRA DE ARCOS La Comarca Alto G\u00e1llego fue creada por la Ley 11\/2002, de 14 de mayo, de Creaci\u00f3n de la Comarca de Andorra-Sierra de Arcos con fecha 10 de septiembre de 2002. Est\u00e1 integrada por los municipios de BAlac\u00f3n, Alloza, Andorra, Ari\u00f1o, Crivill\u00e9n, Ejulve, Estercuel, Gargallo y Oliete. Tiene su capitalidad en [&hellip;]<\/p>\n","protected":false},"author":1,"featured_media":3285,"parent":0,"menu_order":0,"comment_status":"closed","ping_status":"closed","template":"","meta":{"_et_pb_use_builder":"on","_et_pb_old_content":"","_et_gb_content_width":"","om_disable_all_campaigns":false,"_monsterinsights_skip_tracking":false,"_monsterinsights_sitenote_active":false,"_monsterinsights_sitenote_note":"","_monsterinsights_sitenote_category":0,"_uf_show_specific_survey":0,"_uf_disable_surveys":false,"footnotes":""},"class_list":["post-4460","page","type-page","status-publish","has-post-thumbnail","hentry"],"yoast_head":"<!-- This site is optimized with the Yoast SEO plugin v26.2 - https:\/\/yoast.com\/wordpress\/plugins\/seo\/ -->\n<title>Comarca Andorra Sierra de Arcos - DARA GENERAL<\/title>\n<meta name=\"robots\" content=\"index, follow, max-snippet:-1, max-image-preview:large, max-video-preview:-1\" \/>\n<link rel=\"canonical\" href=\"https:\/\/dara.aragon.es\/dara\/comarca-andorra-sierra-de-arcos\/\" \/>\n<meta property=\"og:locale\" content=\"es_ES\" \/>\n<meta property=\"og:type\" content=\"article\" \/>\n<meta property=\"og:title\" content=\"Comarca Andorra Sierra de Arcos - DARA GENERAL\" \/>\n<meta property=\"og:description\" content=\"COMARCA ANDORRA SIERRA DE ARCOS La Comarca Alto G\u00e1llego fue creada por la Ley 11\/2002, de 14 de mayo, de Creaci\u00f3n de la Comarca de Andorra-Sierra de Arcos con fecha 10 de septiembre de 2002. Est\u00e1 integrada por los municipios de BAlac\u00f3n, Alloza, Andorra, Ari\u00f1o, Crivill\u00e9n, Ejulve, Estercuel, Gargallo y Oliete. Tiene su capitalidad en [&hellip;]\" \/>\n<meta property=\"og:url\" content=\"https:\/\/dara.aragon.es\/dara\/comarca-andorra-sierra-de-arcos\/\" \/>\n<meta property=\"og:site_name\" content=\"DARA GENERAL\" \/>\n<meta property=\"article:modified_time\" content=\"2024-07-19T07:34:52+00:00\" \/>\n<meta property=\"og:image\" content=\"https:\/\/dara.aragon.es\/dara\/wp-content\/uploads\/2024\/01\/Comarca-Alto-Gallego.jpg\" \/>\n\t<meta property=\"og:image:width\" content=\"225\" \/>\n\t<meta property=\"og:image:height\" content=\"225\" \/>\n\t<meta property=\"og:image:type\" content=\"image\/jpeg\" \/>\n<meta name=\"twitter:card\" content=\"summary_large_image\" \/>\n<meta name=\"twitter:label1\" content=\"Tiempo de lectura\" \/>\n\t<meta name=\"twitter:data1\" content=\"5 minutos\" \/>\n<script type=\"application\/ld+json\" class=\"yoast-schema-graph\">{\"@context\":\"https:\/\/schema.org\",\"@graph\":[{\"@type\":\"WebPage\",\"@id\":\"https:\/\/dara.aragon.es\/dara\/comarca-andorra-sierra-de-arcos\/\",\"url\":\"https:\/\/dara.aragon.es\/dara\/comarca-andorra-sierra-de-arcos\/\",\"name\":\"Comarca Andorra Sierra de Arcos - DARA GENERAL\",\"isPartOf\":{\"@id\":\"https:\/\/dara.aragon.es\/dara\/#website\"},\"primaryImageOfPage\":{\"@id\":\"https:\/\/dara.aragon.es\/dara\/comarca-andorra-sierra-de-arcos\/#primaryimage\"},\"image\":{\"@id\":\"https:\/\/dara.aragon.es\/dara\/comarca-andorra-sierra-de-arcos\/#primaryimage\"},\"thumbnailUrl\":\"https:\/\/dara.aragon.es\/dara\/wp-content\/uploads\/2024\/01\/Comarca-Alto-Gallego.jpg\",\"datePublished\":\"2024-07-15T06:42:28+00:00\",\"dateModified\":\"2024-07-19T07:34:52+00:00\",\"breadcrumb\":{\"@id\":\"https:\/\/dara.aragon.es\/dara\/comarca-andorra-sierra-de-arcos\/#breadcrumb\"},\"inLanguage\":\"es\",\"potentialAction\":[{\"@type\":\"ReadAction\",\"target\":[\"https:\/\/dara.aragon.es\/dara\/comarca-andorra-sierra-de-arcos\/\"]}]},{\"@type\":\"ImageObject\",\"inLanguage\":\"es\",\"@id\":\"https:\/\/dara.aragon.es\/dara\/comarca-andorra-sierra-de-arcos\/#primaryimage\",\"url\":\"https:\/\/dara.aragon.es\/dara\/wp-content\/uploads\/2024\/01\/Comarca-Alto-Gallego.jpg\",\"contentUrl\":\"https:\/\/dara.aragon.es\/dara\/wp-content\/uploads\/2024\/01\/Comarca-Alto-Gallego.jpg\",\"width\":225,\"height\":225},{\"@type\":\"BreadcrumbList\",\"@id\":\"https:\/\/dara.aragon.es\/dara\/comarca-andorra-sierra-de-arcos\/#breadcrumb\",\"itemListElement\":[{\"@type\":\"ListItem\",\"position\":1,\"name\":\"Portada\",\"item\":\"https:\/\/dara.aragon.es\/dara\/\"},{\"@type\":\"ListItem\",\"position\":2,\"name\":\"Comarca Andorra Sierra de Arcos\"}]},{\"@type\":\"WebSite\",\"@id\":\"https:\/\/dara.aragon.es\/dara\/#website\",\"url\":\"https:\/\/dara.aragon.es\/dara\/\",\"name\":\"DARA GENERAL\",\"description\":\"Documentos y archivos de Arag\u00f3n\",\"potentialAction\":[{\"@type\":\"SearchAction\",\"target\":{\"@type\":\"EntryPoint\",\"urlTemplate\":\"https:\/\/dara.aragon.es\/dara\/?s={search_term_string}\"},\"query-input\":{\"@type\":\"PropertyValueSpecification\",\"valueRequired\":true,\"valueName\":\"search_term_string\"}}],\"inLanguage\":\"es\"}]}<\/script>\n<!-- \/ Yoast SEO plugin. -->","yoast_head_json":{"title":"Comarca Andorra Sierra de Arcos - DARA GENERAL","robots":{"index":"index","follow":"follow","max-snippet":"max-snippet:-1","max-image-preview":"max-image-preview:large","max-video-preview":"max-video-preview:-1"},"canonical":"https:\/\/dara.aragon.es\/dara\/comarca-andorra-sierra-de-arcos\/","og_locale":"es_ES","og_type":"article","og_title":"Comarca Andorra Sierra de Arcos - DARA GENERAL","og_description":"COMARCA ANDORRA SIERRA DE ARCOS La Comarca Alto G\u00e1llego fue creada por la Ley 11\/2002, de 14 de mayo, de Creaci\u00f3n de la Comarca de Andorra-Sierra de Arcos con fecha 10 de septiembre de 2002. Est\u00e1 integrada por los municipios de BAlac\u00f3n, Alloza, Andorra, Ari\u00f1o, Crivill\u00e9n, Ejulve, Estercuel, Gargallo y Oliete. Tiene su capitalidad en [&hellip;]","og_url":"https:\/\/dara.aragon.es\/dara\/comarca-andorra-sierra-de-arcos\/","og_site_name":"DARA GENERAL","article_modified_time":"2024-07-19T07:34:52+00:00","og_image":[{"width":225,"height":225,"url":"https:\/\/dara.aragon.es\/dara\/wp-content\/uploads\/2024\/01\/Comarca-Alto-Gallego.jpg","type":"image\/jpeg"}],"twitter_card":"summary_large_image","twitter_misc":{"Tiempo de lectura":"5 minutos"},"schema":{"@context":"https:\/\/schema.org","@graph":[{"@type":"WebPage","@id":"https:\/\/dara.aragon.es\/dara\/comarca-andorra-sierra-de-arcos\/","url":"https:\/\/dara.aragon.es\/dara\/comarca-andorra-sierra-de-arcos\/","name":"Comarca Andorra Sierra de Arcos - DARA GENERAL","isPartOf":{"@id":"https:\/\/dara.aragon.es\/dara\/#website"},"primaryImageOfPage":{"@id":"https:\/\/dara.aragon.es\/dara\/comarca-andorra-sierra-de-arcos\/#primaryimage"},"image":{"@id":"https:\/\/dara.aragon.es\/dara\/comarca-andorra-sierra-de-arcos\/#primaryimage"},"thumbnailUrl":"https:\/\/dara.aragon.es\/dara\/wp-content\/uploads\/2024\/01\/Comarca-Alto-Gallego.jpg","datePublished":"2024-07-15T06:42:28+00:00","dateModified":"2024-07-19T07:34:52+00:00","breadcrumb":{"@id":"https:\/\/dara.aragon.es\/dara\/comarca-andorra-sierra-de-arcos\/#breadcrumb"},"inLanguage":"es","potentialAction":[{"@type":"ReadAction","target":["https:\/\/dara.aragon.es\/dara\/comarca-andorra-sierra-de-arcos\/"]}]},{"@type":"ImageObject","inLanguage":"es","@id":"https:\/\/dara.aragon.es\/dara\/comarca-andorra-sierra-de-arcos\/#primaryimage","url":"https:\/\/dara.aragon.es\/dara\/wp-content\/uploads\/2024\/01\/Comarca-Alto-Gallego.jpg","contentUrl":"https:\/\/dara.aragon.es\/dara\/wp-content\/uploads\/2024\/01\/Comarca-Alto-Gallego.jpg","width":225,"height":225},{"@type":"BreadcrumbList","@id":"https:\/\/dara.aragon.es\/dara\/comarca-andorra-sierra-de-arcos\/#breadcrumb","itemListElement":[{"@type":"ListItem","position":1,"name":"Portada","item":"https:\/\/dara.aragon.es\/dara\/"},{"@type":"ListItem","position":2,"name":"Comarca Andorra Sierra de Arcos"}]},{"@type":"WebSite","@id":"https:\/\/dara.aragon.es\/dara\/#website","url":"https:\/\/dara.aragon.es\/dara\/","name":"DARA GENERAL","description":"Documentos y archivos de Arag\u00f3n","potentialAction":[{"@type":"SearchAction","target":{"@type":"EntryPoint","urlTemplate":"https:\/\/dara.aragon.es\/dara\/?s={search_term_string}"},"query-input":{"@type":"PropertyValueSpecification","valueRequired":true,"valueName":"search_term_string"}}],"inLanguage":"es"}]}},"_links":{"self":[{"href":"https:\/\/dara.aragon.es\/dara\/wp-json\/wp\/v2\/pages\/4460","targetHints":{"allow":["GET"]}}],"collection":[{"href":"https:\/\/dara.aragon.es\/dara\/wp-json\/wp\/v2\/pages"}],"about":[{"href":"https:\/\/dara.aragon.es\/dara\/wp-json\/wp\/v2\/types\/page"}],"author":[{"embeddable":true,"href":"https:\/\/dara.aragon.es\/dara\/wp-json\/wp\/v2\/users\/1"}],"replies":[{"embeddable":true,"href":"https:\/\/dara.aragon.es\/dara\/wp-json\/wp\/v2\/comments?post=4460"}],"version-history":[{"count":0,"href":"https:\/\/dara.aragon.es\/dara\/wp-json\/wp\/v2\/pages\/4460\/revisions"}],"wp:featuredmedia":[{"embeddable":true,"href":"https:\/\/dara.aragon.es\/dara\/wp-json\/wp\/v2\/media\/3285"}],"wp:attachment":[{"href":"https:\/\/dara.aragon.es\/dara\/wp-json\/wp\/v2\/media?parent=4460"}],"curies":[{"name":"wp","href":"https:\/\/api.w.org\/{rel}","templated":true}]}}